CREATE TABLE IF NOT EXISTS contatti (
  id MEDIUMINT NOT NULL AUTO_INCREMENT,
  nome VARCHAR(20) NOT NULL,
  cognome VARCHAR(20) NOT NULL,
  professione VARCHAR(20),
  progetto VARCHAR(40),
  cantiere VARCHAR(40) NOT NULL,
  provincia VARCHAR(20) NOT NULL,
  cap VARCHAR(10),
  email VARCHAR(20) NOT NULL,
  telefono VARCHAR(20),
  inserimento DATETIME NOT NULL,
  PRIMARY KEY (id)
);



CREATE TABLE IF NOT EXISTS strutture (
  id SMALLINT NOT NULL,
  descrizione VARCHAR(40) NOT NULL,
  rsi FLOAT UNSIGNED NOT NULL,
  rse FLOAT UNSIGNED NOT NULL,
  rse_ventilazione FLOAT UNSIGNED NOT NULL,
  PRIMARY KEY (id),
  UNIQUE (descrizione) 
);

INSERT INTO strutture VALUES ( 0, 'TETTO', 0.1, 0.04, 0.1 );
INSERT INTO strutture VALUES ( 1, 'SOLAIO VS SOTTOTETTO', 0.13, 0.04, 0.13 );
INSERT INTO strutture VALUES ( 2, 'PARETE', 0.13, 0.04, 0.13 );
INSERT INTO strutture VALUES ( 3, 'PAVIMENTO', 0.04, 0.17, 1 );





CREATE TABLE IF NOT EXISTS tipologie (
  id SMALLINT NOT NULL,
  descrizione VARCHAR(40) NOT NULL,
  PRIMARY KEY (id),
  UNIQUE (descrizione) 
);

INSERT INTO tipologie VALUES ( 0, 'BARRIERE ARIA' );
INSERT INTO tipologie VALUES ( 1, 'CALCESTRUZZI' );
INSERT INTO tipologie VALUES ( 2, 'COPERTURE' );
INSERT INTO tipologie VALUES ( 3, 'FINITURE' );
INSERT INTO tipologie VALUES ( 4, 'IMPERMEABILIZZAZIONI' );
INSERT INTO tipologie VALUES ( 5, 'INTERCAPEDINI NON VENTILATE' );
INSERT INTO tipologie VALUES ( 6, 'INTERCAPEDINI DEBOLMENTE VENTILATE' );
INSERT INTO tipologie VALUES ( 7, 'INTERCAPEDINI FORTEMENTE VENTILATE' );
INSERT INTO tipologie VALUES ( 8, 'INTONACI' );
INSERT INTO tipologie VALUES ( 9, 'ISOLANTI' );
INSERT INTO tipologie VALUES ( 10, 'LATERIZI' );
INSERT INTO tipologie VALUES ( 11, 'LEGNAMI' );
INSERT INTO tipologie VALUES ( 12, 'PANNELLI DA COSTRUZIONE' );
INSERT INTO tipologie VALUES ( 13, 'PIETRA' );
INSERT INTO tipologie VALUES ( 14, 'SOLAI' );
INSERT INTO tipologie VALUES ( 15, 'SOTTOFONDI' );
INSERT INTO tipologie VALUES ( 16, 'VARI' );





CREATE TABLE IF NOT EXISTS immagini (
  id SMALLINT NOT NULL,
  nome VARCHAR(40) NOT NULL,
  PRIMARY KEY (id)
);

INSERT INTO immagini VALUES ( 0, 'naturadiff_eco' );
INSERT INTO immagini VALUES ( 1, 'naturafren_forte' );
INSERT INTO immagini VALUES ( 2, 'calcestruzzo' );
INSERT INTO immagini VALUES ( 3, 'ghiaia-rivestimento' );
INSERT INTO immagini VALUES ( 4, 'tetto_verde' );
INSERT INTO immagini VALUES ( 5, 'intonaco' );
INSERT INTO immagini VALUES ( 6, 'stamisol_fa' );
INSERT INTO immagini VALUES ( 7, 'aria' );
INSERT INTO immagini VALUES ( 8, '60mm' );
INSERT INTO immagini VALUES ( 9, '60mm_sintetico' );
INSERT INTO immagini VALUES ( 10, '60mm_minerali' );
INSERT INTO immagini VALUES ( 11, '60mm_floc' );
INSERT INTO immagini VALUES ( 12, 'pavadentro_6cm' );
INSERT INTO immagini VALUES ( 13, 'vetro_cellulare' );
INSERT INTO immagini VALUES ( 14, 'cellulare_autocl' );
INSERT INTO immagini VALUES ( 15, 'poroton_25cm' );
INSERT INTO immagini VALUES ( 16, 'controparete_mattoni_12cm' );  
INSERT INTO immagini VALUES ( 17, 'tramezze_8cm' );  
INSERT INTO immagini VALUES ( 18, 'blocco_pieno' );  
INSERT INTO immagini VALUES ( 19, 'pannello_legno' );  
INSERT INTO immagini VALUES ( 20, 'legno_massiccio_klh' );  
INSERT INTO immagini VALUES ( 21, 'pannello_argilla' );  
INSERT INTO immagini VALUES ( 22, 'parete_sasso' );  
INSERT INTO immagini VALUES ( 23, 'ghiaia' );  
INSERT INTO immagini VALUES ( 24, 'solaio_laterocemento' );  
INSERT INTO immagini VALUES ( 25, 'solaio_polistirene' );  
INSERT INTO immagini VALUES ( 26, 'marmorsplitt' );  
INSERT INTO immagini VALUES ( 27, 'pavaplanum' );  
INSERT INTO immagini VALUES ( 28, 'pavaself' );  
INSERT INTO immagini VALUES ( 29, 'calciumsilikat' );  
INSERT INTO immagini VALUES ( 30, 'osb' );





CREATE TABLE IF NOT EXISTS riferimenti (
  id SMALLINT NOT NULL,
  descrizione VARCHAR(40) NOT NULL,
  PRIMARY KEY (id),
  UNIQUE (descrizione) 
);

INSERT INTO riferimenti VALUES ( 0, 'NATURALIA-BAU' );
INSERT INTO riferimenti VALUES ( 1, 'UNI 10351' );
INSERT INTO riferimenti VALUES ( 2, 'UNI 10355' );
INSERT INTO riferimenti VALUES ( 3, 'UNI EN 10456' );
INSERT INTO riferimenti VALUES ( 4, 'COMMERCIALE' );
INSERT INTO riferimenti VALUES ( 5, 'UNI 13786' );
INSERT INTO riferimenti VALUES ( 6, 'UNI EN 13168' );
INSERT INTO riferimenti VALUES ( 7, 'UNI 12524' );
INSERT INTO riferimenti VALUES ( 8, 'UNI EN ISO 6946' );
INSERT INTO riferimenti VALUES ( 9, 'DIRETTIVA CASA CLIMA' );
INSERT INTO riferimenti VALUES ( 10, 'POROTON' );
INSERT INTO riferimenti VALUES ( 11, 'DAEMMWERK' );
INSERT INTO riferimenti VALUES ( 99, 'NO' );





CREATE TABLE IF NOT EXISTS materiali (
  id SMALLINT NOT NULL,
  descrizione VARCHAR(50) NOT NULL,
  lambda FLOAT UNSIGNED NOT NULL,
  rho SMALLINT UNSIGNED NOT NULL,
  c SMALLINT UNSIGNED NOT NULL,
  id_riferimento SMALLINT,
  id_tipologia SMALLINT,
  spessore FLOAT UNSIGNED NOT NULL,
  spessore_modificalbile BOOLEAN NOT NULL,
  id_immagine SMALLINT,
  capitolato VARCHAR(500),

  PRIMARY KEY (id),
  UNIQUE INDEX (id_tipologia, descrizione),
  INDEX riferimento_ind (id_riferimento),
  INDEX tipologia_ind (id_tipologia),
  INDEX immagine_ind (id_immagine),

  FOREIGN KEY (id_riferimento) 
  REFERENCES riferimenti(id)
  ON DELETE RESTRICT ON UPDATE CASCADE,
  FOREIGN KEY (id_tipologia) 
  REFERENCES tipologie(id)
  ON DELETE RESTRICT ON UPDATE CASCADE,
  FOREIGN KEY (id_immagine) 
  REFERENCES immagini(id)
  ON DELETE RESTRICT ON UPDATE CASCADE
);

INSERT INTO materiali VALUES ( 1, 'CALCESTRUZZO', 1.4, 1800, 880, 2, 1, 0, TRUE, 2, '' );
INSERT INTO materiali VALUES ( 2, 'CALCESTRUZZO - UNI 13786', 1.8, 2400, 1000, 5, 1, 0, TRUE, 2, '' );
INSERT INTO materiali VALUES ( 3, 'ISOLAIR-L (22, 35, 52mm)', 0.047, 240, 2100, 0, 9, 0, TRUE, 8, '' );
INSERT INTO materiali VALUES ( 4, 'PAVATHERM', 0.038, 110, 2100, 0, 9, 0, TRUE, 8, '' );
INSERT INTO materiali VALUES ( 5, 'ISOLAMENTO TERMICO - UNI 13786', 0.04, 30, 1400, 5, 9, 0, TRUE, 9, '' );
INSERT INTO materiali VALUES ( 6, 'MATTONE FORATO', 0.4, 750, 840, 2, 10, 80, FALSE, 17, '' );
INSERT INTO materiali VALUES ( 7, 'POLISTIRENE ESPANSO ESTRUSO', 0.035, 35, 1250, 2, 9, 0, TRUE, 9, '' );
INSERT INTO materiali VALUES ( 8, 'RIVESTIMENTO - UNI 13786', 1, 1200, 1500, 5, 8, 0, TRUE, 5, '' );
INSERT INTO materiali VALUES ( 9, 'PANNELLO IN LEGNO DI ABETE', 0.12, 450, 2100, 1, 11, 0, TRUE, 19, '' );
INSERT INTO materiali VALUES ( 10, 'PANNELLO IN LEGNO', 0.13, 600, 2100, 4, 11, 0, TRUE, 19, '' );
INSERT INTO materiali VALUES ( 11, 'SOLAIO IN LATERO CEMENTO', 0.75, 1400, 840, 2, 14, 0, TRUE, 24, '' );
INSERT INTO materiali VALUES ( 12, 'TAVELLONI ORIZZONTALI', 0.462, 617, 840, 2, 10, 0, TRUE, 17, '' );
INSERT INTO materiali VALUES ( 16, 'NATURAISOLANT (8, 12, 19mm)', 0.046, 220, 2100, 0, 9, 0, TRUE, 8, '' );
INSERT INTO materiali VALUES ( 17, 'DIFFUTHERM', 0.043, 190, 2100, 0, 9, 0, TRUE, 8, '' );
INSERT INTO materiali VALUES ( 18, 'DIFFUTHERM (40mm)', 0.045, 210, 2100, 0, 9, 40, FALSE, 8, '' );
INSERT INTO materiali VALUES ( 19, 'INTELLO (0,2mm)', 0.18, 425, 1, 0, 0, 0.2, FALSE, 0, '' );
INSERT INTO materiali VALUES ( 21, 'PAVABOARD', 0.046, 210, 2100, 0, 9, 0, TRUE, 8, '' );
INSERT INTO materiali VALUES ( 22, 'NATURAFREN FORTE (0,6mm)', 1, 233, 1, 0, 0, 0.6, FALSE, 1, '' );
INSERT INTO materiali VALUES ( 23, 'PAVADENTRO (40mm)', 0.045, 180, 2100, 0, 9, 0, TRUE, 12, '' );
INSERT INTO materiali VALUES ( 24, 'PAVATHERM ALPIN', 0.042, 180, 2100, 0, 9, 0, TRUE, 8, '' );
INSERT INTO materiali VALUES ( 25, 'NATUR ISOLANT (19 mm)', 0.046, 240, 2100, 0, 9, 19, FALSE, 8, '' );
INSERT INTO materiali VALUES ( 26, 'PAVATHERM-PLUS', 0.044, 180, 2100, 0, 9, 0, TRUE, 8, '' );
INSERT INTO materiali VALUES ( 28, 'PAVAWALL', 0.04, 130, 2100, 0, 9, 0, TRUE, 8, '' );
INSERT INTO materiali VALUES ( 29, 'PAVADENTRO (60 mm)', 0.045, 180, 2100, 0, 9, 60, FALSE, 8, '' );
INSERT INTO materiali VALUES ( 30, 'PAVADENTRO (80 mm)', 0.045, 180, 2100, 0, 9, 80, FALSE, 8, '' );
INSERT INTO materiali VALUES ( 31, 'PAVADENTRO (100 mm)', 0.045, 180, 2100, 0, 9, 100, FALSE, 8, '' );
INSERT INTO materiali VALUES ( 32, 'PAVAPOR (17/16, 22/21, 32/30 mm)', 0.038, 140, 2100, 0, 9, 0, TRUE, 8, '' );
INSERT INTO materiali VALUES ( 34, 'PAVATHERM-PROFIL', 0.043, 180, 2100, 0, 9, 0, TRUE, 8, '' );
INSERT INTO materiali VALUES ( 35, 'PAVAFLEX', 0.038, 55, 2100, 0, 9, 0, TRUE, 8, '' );
INSERT INTO materiali VALUES ( 36, 'NATURATHERM', 0.039, 155, 2100, 0, 9, 4, FALSE, 8, '' );
INSERT INTO materiali VALUES ( 37, 'NATURASTEP (7 mm)', 0.046, 240, 2100, 0, 9, 7, FALSE, 8, '' );
INSERT INTO materiali VALUES ( 39, 'THERMOHANF', 0.038, 38, 2200, 0, 9, 0, TRUE, 8, '' );
INSERT INTO materiali VALUES ( 40, 'THERMOHANF-PLUS', 0.038, 38, 2200, 0, 9, 0, TRUE, 8, '' );
INSERT INTO materiali VALUES ( 41, 'THERMOHANF-STEP (3, 5, 10 mm)', 0.05, 150, 2200, 0, 9, 0, TRUE, 8, '' );
INSERT INTO materiali VALUES ( 42, 'CALCIUMSILIKAT', 0.06, 38, 710, 0, 16, 0, TRUE, 29, '' );
INSERT INTO materiali VALUES ( 43, 'PAVAPLANUM', 0.2, 750, 1000, 0, 15, 0, TRUE, 27, '' );
INSERT INTO materiali VALUES ( 44, 'MARMORSPLITT', 0, 1500, 1500, 0, 15, 0, TRUE, 26, '' );
INSERT INTO materiali VALUES ( 45, 'PAVASELF', 0.05, 90, 1000, 0, 15, 0, TRUE, 28, '' );
INSERT INTO materiali VALUES ( 46, 'STAMISOL ECO (0,4 mm)', 0.18, 800, 1000, 0, 4, 0.4, FALSE, 6, '' );
INSERT INTO materiali VALUES ( 47, 'STAMISOL DW (0,5 mm)', 0.18, 730, 1000, 0, 4, 0.5, FALSE, 6, '' );
INSERT INTO materiali VALUES ( 49, 'STAMISOL PACK 500 (0,7 mm)', 0.18, 714, 1, 0, 4, 0.7, FALSE, 6, '' );
INSERT INTO materiali VALUES ( 50, 'STAMISOL FA', 0.18, 867, 1000, 0, 4, 0.3, FALSE, 6, '' );
INSERT INTO materiali VALUES ( 51, 'STAMISOL ABS', 0.18, 560, 1000, 0, 4, 0.75, FALSE, 6, '' );
INSERT INTO materiali VALUES ( 52, 'STAMISOL SD70', 0.18, 560, 1000, 0, 0, 0.75, FALSE, 1, '' );
INSERT INTO materiali VALUES ( 54, 'NATURADIFF UNI (0,6 mm)', 0.18, 283, 1000, 0, 4, 0.6, FALSE, 6, '' );
INSERT INTO materiali VALUES ( 55, 'NATURADIFF UNIPLUS (0,6 mm)', 0.18, 258, 1000, 0, 4, 0.6, FALSE, 6, '' );
INSERT INTO materiali VALUES ( 56, 'INTELLO PLUS', 0.18, 550, 1000, 0, 0, 0.2, FALSE, 1, '' );
INSERT INTO materiali VALUES ( 57, 'INTESANA', 0.18, 311, 1000, 0, 0, 0.45, FALSE, 1, '' );
INSERT INTO materiali VALUES ( 58, 'INTESANA-EVO', 0.18, 267, 1000, 0, 0, 0.45, FALSE, 1, '' );
INSERT INTO materiali VALUES ( 59, 'DB', 0.18, 78, 1000, 0, 0, 2.3, FALSE, 0, '' );
INSERT INTO materiali VALUES ( 60, 'DB+', 0.18, 80, 1000, 0, 0, 2.3, FALSE, 0, '' );
INSERT INTO materiali VALUES ( 61, 'DASATOP', 0.18, 280, 1000, 0, 0, 0.25, FALSE, 1, '' );
INSERT INTO materiali VALUES ( 62, 'DA', 0.18, 57, 1000, 0, 0, 2.3, FALSE, 0, '' );
INSERT INTO materiali VALUES ( 63, 'SOLITEX MENTO', 0.18, 275, 1000, 0, 4, 0.4, FALSE, 6, '' );
INSERT INTO materiali VALUES ( 64, 'SOLITEX UD', 0.18, 280, 1000, 0, 4, 0.5, FALSE, 6, '' );
INSERT INTO materiali VALUES ( 65, 'SOLITEX PLUS', 0.18, 309, 1000, 0, 4, 0.55, FALSE, 6, '' );
INSERT INTO materiali VALUES ( 66, 'SOLITEX UM CONNECT', 0.18, 625, 1000, 0, 4, 0.8, FALSE, 6, '' );
INSERT INTO materiali VALUES ( 67, 'SOLITEX WA', 0.18, 222, 1000, 0, 4, 0.45, FALSE, 6, '' );
INSERT INTO materiali VALUES ( 73, 'PRO CREA - Fondo', 0.27, 1800, 1200, 0, 8, 20, FALSE, 5, '' );
INSERT INTO materiali VALUES ( 74, 'PRO CREA - Fine', 0.27, 1800, 1200, 0, 8, 10, FALSE, 5, '' );
INSERT INTO materiali VALUES ( 75, 'PRO CREA - Intonachino', 0.91, 1800, 1200, 0, 8, 3, FALSE, 5, '' );
INSERT INTO materiali VALUES ( 76, 'PRO CREA - Pittura gran fino', 0.91, 1800, 1000, 0, 3, 1, FALSE, 5, '' );
INSERT INTO materiali VALUES ( 77, 'PRO CREA - Pittura', 0.91, 1800, 1000, 0, 3, 0.5, FALSE, 5, '' );
INSERT INTO materiali VALUES ( 78, 'PANNELLO D\'ARGILLA 16mm PRO CREA', 0.47, 1200, 1200, 0, 12, 16, FALSE, 21, '' );
INSERT INTO materiali VALUES ( 79, 'PANNELLO D\'ARGILLA 25mm PRO CREA', 0.33, 1520, 1200, 0, 12, 25, FALSE, 21, '' );
INSERT INTO materiali VALUES ( 80, 'PANNELLO D\'ARGILLA 35mm PRO CREA', 0.33, 1200, 1200, 0, 12, 35, FALSE, 21, '' );
INSERT INTO materiali VALUES ( 81, 'PANNELLO D\'ARGILLA 50mm PRO CREA', 0.33, 1400, 1200, 0, 12, 50, FALSE, 21, '' );
INSERT INTO materiali VALUES ( 82, 'NATURAKALK-POR', 0.63, 1200, 830, 0, 8, 7, FALSE, 5, '' );
INSERT INTO materiali VALUES ( 83, 'NATURAKALK-OSMO', 0.98, 1850, 1000, 0, 8, 0, TRUE, 5, '' );
INSERT INTO materiali VALUES ( 84, 'NATURAKALK-PRIMER P', 1, 1740, 1000, 0, 3, 0, TRUE, 5, '' );
INSERT INTO materiali VALUES ( 85, 'NATURAKALK-FILLER P', 1, 1740, 1000, 0, 3, 0, TRUE, 5, '' );
INSERT INTO materiali VALUES ( 86, 'NATURAKALK-PROTECT I', 0.7, 1740, 1000, 0, 3, 1.5, FALSE, 5, '' );
INSERT INTO materiali VALUES ( 87, 'NATURAKALK-PROTECT P', 1, 1567, 1000, 0, 3, 0, TRUE, 5, '' );
INSERT INTO materiali VALUES ( 88, 'NATURAKALK-PRIMER S', 1, 1567, 1000, 0, 3, 0, TRUE, 5, '' );
INSERT INTO materiali VALUES ( 89, 'NATURAKALK-FILLER S', 1, 1567, 1000, 0, 3, 0, TRUE, 5, '' );
INSERT INTO materiali VALUES ( 90, 'NATURAKALK-SILICATI I', 0.6, 1800, 1000, 0, 3, 1.5, FALSE, 5, '' );
INSERT INTO materiali VALUES ( 91, 'NATURAKALK-SILICATI P', 1, 1590, 1000, 0, 3, 0, TRUE, 5, '' );
INSERT INTO materiali VALUES ( 92, 'NATURAKALK-CALCE I', 0.55, 1770, 1000, 0, 3, 1.5, FALSE, 5, '' );
INSERT INTO materiali VALUES ( 93, 'NATURAKALK-CALCE P', 1, 1300, 1000, 0, 3, 0, TRUE, 5, '' );
INSERT INTO materiali VALUES ( 94, 'FERMACELL 10mm', 0.32, 1150, 1100, 0, 12, 10, FALSE, 5, '' );
INSERT INTO materiali VALUES ( 95, 'FERMACELL 12, 5mm', 0.32, 1150, 1100, 0, 12, 12.5, FALSE, 5, '' );
INSERT INTO materiali VALUES ( 96, 'FERMACELL 15mm', 0.32, 1150, 1100, 0, 12, 15, FALSE, 5, '' );
INSERT INTO materiali VALUES ( 99, 'INTERCAPEDINE sp.10 mm F. ASCENDENTE', 0.06666, 1, 1008, 8, 5, 10, FALSE, 7, '' );
INSERT INTO materiali VALUES ( 102, 'INTERCAPEDINE sp.50 mm F. ASCENDENTE', 0.3125, 1, 1008, 8, 5, 50, FALSE, 7, '' );
INSERT INTO materiali VALUES ( 107, 'INTERCAPEDINE sp.10 mm F. ORIZZONTALE', 0.06666, 1, 1008, 8, 5, 10, FALSE, 7, '' );
INSERT INTO materiali VALUES ( 110, 'INTERCAPEDINE sp.50 mm F. ORIZZONTALE', 0.27777, 1, 1008, 8, 5, 50, FALSE, 7, '' );
INSERT INTO materiali VALUES ( 115, 'INTERCAPEDINE sp.10 mm F. DISCENDENTE', 0.06666, 1, 1008, 8, 5, 10, FALSE, 7, '' );
INSERT INTO materiali VALUES ( 119, 'INTERCAPEDINE sp.100 mm F. DISCENDENTE', 0.45454, 1, 1008, 8, 5, 100, FALSE, 7, '' );
INSERT INTO materiali VALUES ( 123, 'INTERCAPEDINE sp.10 mm F. ASCENDENTE', 0.13333, 1, 1008, 8, 6, 10, FALSE, 7, '' );
INSERT INTO materiali VALUES ( 126, 'INTERCAPEDINE sp.50 mm F. ASCENDENTE', 0.625, 1, 1008, 8, 6, 50, FALSE, 7, '' );
INSERT INTO materiali VALUES ( 131, 'INTERCAPEDINE sp.10 mm F. ORIZZONTALE', 0.13333, 1, 1008, 8, 6, 10, FALSE, 7, '' );
INSERT INTO materiali VALUES ( 134, 'INTERCAPEDINE sp.50 mm F. ORIZZONTALE', 0.55555, 1, 1008, 8, 6, 50, FALSE, 7, '' );
INSERT INTO materiali VALUES ( 139, 'INTERCAPEDINE sp.10 mm F. DISCENDENTE', 0.13333, 1, 1008, 8, 6, 10, FALSE, 7, '' );
INSERT INTO materiali VALUES ( 142, 'INTERCAPEDINE sp.50 mm F. DISCENDENTE', 0.47619, 1, 1008, 8, 6, 50, FALSE, 7, '' );
INSERT INTO materiali VALUES ( 145, 'MATTONE FORATO 10cm', 0.37, 780, 840, 2, 10, 100, FALSE, 17, '' );
INSERT INTO materiali VALUES ( 146, 'MATTONE FORATO 12cm', 0.387, 717, 840, 2, 10, 120, FALSE, 17, '' );
INSERT INTO materiali VALUES ( 147, 'MATTONE FORATO 15cm', 0.333, 760, 840, 2, 10, 150, FALSE, 17, '' );
INSERT INTO materiali VALUES ( 148, 'BLOCCO PORIZZATO', 0.24, 800, 840, 10, 10, 0, TRUE, 15, '' );
INSERT INTO materiali VALUES ( 149, 'INTONACO GESSO SABBIA', 0.8, 1600, 1000, 7, 8, 0, TRUE, 5, '' );
INSERT INTO materiali VALUES ( 150, 'PIETRA NATURALE', 2.3, 2000, 840, 1, 13, 0, TRUE, 22, '' );
INSERT INTO materiali VALUES ( 151, 'INTONACO CEMENTO SABBIA', 1, 1800, 1000, 7, 8, 0, TRUE, 5, '' );
INSERT INTO materiali VALUES ( 152, 'LATERIZIO PIENO', 0.798, 1800, 840, 2, 10, 0, TRUE, 16, '' );
INSERT INTO materiali VALUES ( 153, 'PANNELLO IN LEGNO X-LAM', 0.13, 500, 1600, 4, 11, 0, TRUE, 20, '' );
INSERT INTO materiali VALUES ( 154, 'GUAINA BITUMINOSA', 0.3, 1000, 921, 1, 4, 4, FALSE, 6, '' );
INSERT INTO materiali VALUES ( 156, 'STRATO PEDONABILE', 1.7, 1867, 1000, 0, 2, 0, TRUE, 3, '' );
INSERT INTO materiali VALUES ( 157, 'SOLAIO IN CALCESTRUZZO', 2.1, 2300, 1000, 0, 1, 0, TRUE, 2, '' );
INSERT INTO materiali VALUES ( 159, 'SUBSTRATO PER GIARDINO PENSILE', 1.4, 1800, 1000, 0, 2, 0, TRUE, 4, '' );
INSERT INTO materiali VALUES ( 160, 'SOLAIO IN LATERO CEMENTO 1', 0.5, 794, 940, 0, 14, 0, TRUE, 24, '' );
INSERT INTO materiali VALUES ( 161, 'PERLINE 25mm', 0.13, 600, 2100, 0, 11, 25, FALSE, 19, '' );
INSERT INTO materiali VALUES ( 162, 'MEZZANE IN COTTO', 0.81, 1800, 940, 0, 10, 0, TRUE, 16, '' );
INSERT INTO materiali VALUES ( 163, 'CALDANA IN MALTA', 1.4, 2000, 1000, 0, 1, 0, TRUE, 2, '' );
INSERT INTO materiali VALUES ( 164, 'CALDANA IN CALCESTRUZZO', 1.6, 2200, 1000, 0, 1, 0, TRUE, 2, '' );
INSERT INTO materiali VALUES ( 165, 'INTONACO INTERNO', 1.5, 1800, 1010, 0, 8, 0, TRUE, 5, '' );
INSERT INTO materiali VALUES ( 166, 'INTONACO IN CALCE', 0.18, 550, 1000, 9, 8, 0, TRUE, 5, '' );
INSERT INTO materiali VALUES ( 167, 'MURATURA IN LATER. PIENO 1800', 0.8, 1800, 1000, 2, 10, 0, TRUE, 18, '' );
INSERT INTO materiali VALUES ( 168, 'OSB 3', 0.13, 600, 1600, 11, 11, 15, FALSE, 30, '' );
INSERT INTO materiali VALUES ( 169, 'MURATURA IN LATER. SEMIP. 1800', 0.5, 1800, 1000, 2, 10, 0, TRUE, 15, '' );
INSERT INTO materiali VALUES ( 170, 'MURATURA IN LATER. SEMIP. 1400', 0.39, 1400, 1000, 2, 10, 0, TRUE, 15, '' );
INSERT INTO materiali VALUES ( 171, 'MURATURA IN LATER. FOR. 1800 - 8cm', 0.4, 1800, 1000, 2, 10, 0, TRUE, 15, '' );
INSERT INTO materiali VALUES ( 172, 'MURATURA IN LATER. FOR. 1800 - 12cm', 0.387, 1800, 1000, 2, 10, 0, TRUE, 15, '' );
INSERT INTO materiali VALUES ( 173, 'TAVELLONE PER DIVISORI 4cm', 0.364, 1800, 1000, 2, 10, 0, TRUE, 17, '' );
INSERT INTO materiali VALUES ( 174, 'TAVELLONE PER DIVISORI 6cm', 0.462, 1800, 1000, 2, 10, 0, TRUE, 17, '' );
INSERT INTO materiali VALUES ( 175, 'MURATURA IN BLOCCO ARGILLA ESP.', 0.48, 800, 1000, 2, 10, 0, TRUE, 15, '' );
INSERT INTO materiali VALUES ( 176, 'BLOCCO DA SOLAIO 18cm', 0.6, 1800, 1000, 2, 14, 0, TRUE, 24, '' );
INSERT INTO materiali VALUES ( 177, 'SOLAIO PREDALLES 24cm', 0.8, 1800, 1000, 2, 14, 0, TRUE, 24, '' );
INSERT INTO materiali VALUES ( 178, 'SOLAIO CON POLISTIRENE 24cm', 0.462, 1200, 1000, 2, 14, 0, TRUE, 25, '' );
INSERT INTO materiali VALUES ( 179, 'CALCESTRUZZO DI ARGILLA ESPANSA', 0.168, 500, 921, 1, 1, 0, TRUE, 2, '' );
INSERT INTO materiali VALUES ( 180, 'CARTONGESSO IN LASTRE', 0.21, 900, 837, 1, 12, 0, TRUE, 5, '' );
INSERT INTO materiali VALUES ( 181, 'ABETE (FLUSO PERPENDICOLARE ALLE FIBRE)', 0.12, 450, 2100, 1, 11, 0, TRUE, 19, '' );
INSERT INTO materiali VALUES ( 182, 'PINO (FLUSO PERPENDICOLARE ALLE FIBRE)', 0.15, 550, 2721, 1, 11, 0, TRUE, 19, '' );
INSERT INTO materiali VALUES ( 183, 'ACERO (FLUSO PERPENDICOLARE ALLE FIBRE)', 0.18, 710, 2386, 1, 11, 0, TRUE, 19, '' );
INSERT INTO materiali VALUES ( 184, 'XPS 35 kg/mc', 0.034, 35, 1256, 1, 9, 0, TRUE, 9, '' );
INSERT INTO materiali VALUES ( 185, 'CALCARE 2100 kg/mc', 1.6, 2100, 837, 1, 13, 0, TRUE, 22, '' );
INSERT INTO materiali VALUES ( 186, 'GRANITO 2500 kg/mc', 3.2, 2500, 837, 1, 13, 0, TRUE, 22, '' );
INSERT INTO materiali VALUES ( 187, 'PORFIDO', 2.9, 2200, 837, 1, 13, 0, TRUE, 22, '' );
INSERT INTO materiali VALUES ( 188, 'TUFO 1500 kg/mc', 0.63, 1500, 1256, 1, 13, 0, TRUE, 22, '' );
INSERT INTO materiali VALUES ( 189, 'TUFO 2300 kg/mc', 1.7, 2300, 1256, 1, 13, 0, TRUE, 22, '' );
INSERT INTO materiali VALUES ( 190, 'VETRO CELLULARE ESPANSO 130 kg/mc', 0.055, 130, 837, 1, 9, 0, TRUE, 13, '' );
INSERT INTO materiali VALUES ( 191, 'MANTO IN POLIOLEFINE', 0.18, 1000, 1500, 4, 4, 1.5, FALSE, 6, '' );
INSERT INTO materiali VALUES ( 192, 'PAVATHERM FORTE', 0.043, 175, 2100, 0, 9, 0, TRUE, 8, '' );
INSERT INTO materiali VALUES ( 193, 'LANA DI LEGNO', 0.09, 400, 1600, 6, 9, 0, TRUE, 8, '' );
INSERT INTO materiali VALUES ( 195, 'POLIURETANO ESPANSO IN LASTRE', 0.032, 25, 1300, 1, 9, 0, TRUE, 9, '' );
INSERT INTO materiali VALUES ( 196, 'SOTTOFONDO CEMENTO MAGRO', 0.7, 1600, 800, 1, 1, 0, TRUE, 2, '' );
INSERT INTO materiali VALUES ( 197, 'C.L.S. CELLULARE ESPANSO', 0.17, 400, 1000, 1, 1, 0, TRUE, 2, '' );
INSERT INTO materiali VALUES ( 198, 'PAVATEX RSP', 0.18, 700, 1000, 0, 0, 0.15, FALSE, 1, '' );
INSERT INTO materiali VALUES ( 199, 'SOLITEX MENTO 1000', 0.18, 275, 1000, 0, 4, 0.4, FALSE, 6, '' );
INSERT INTO materiali VALUES ( 200, 'SOLITEX MENTO 3000', 0.18, 280, 1000, 0, 4, 0.5, FALSE, 6, '' );
INSERT INTO materiali VALUES ( 201, 'SOLITEX MENTO 5000', 0.18, 300, 1000, 0, 4, 0.7, FALSE, 6, '' );
INSERT INTO materiali VALUES ( 202, 'LANA MINERALE 40 kg/mc', 0.035, 40, 1000, 4, 9, 0, TRUE, 10, '' );
INSERT INTO materiali VALUES ( 203, 'LANA MINERALE 70 kg/mc', 0.035, 70, 1000, 4, 9, 0, TRUE, 10, '' );
INSERT INTO materiali VALUES ( 204, 'PAVAFLOC - posa libera', 0.039, 34, 2110, 0, 9, 0, TRUE, 11, '' );
INSERT INTO materiali VALUES ( 205, 'PAVAFLOC - posa a riempimento', 0.039, 55, 2110, 0, 9, 0, TRUE, 11, '' );
INSERT INTO materiali VALUES ( 206, 'CALCESTRUZZO CELLULARE AUTOCLAVATO', 0.1, 450, 1050, 4, 10, 0, TRUE, 14, '' );
INSERT INTO materiali VALUES ( 207, 'GHIAIA GROSSA', 1.2, 1700, 840, 1, 13, 0, TRUE, 23, '' );
INSERT INTO materiali VALUES ( 208, 'GHIAIA FINE', 2, 1950, 1050, 3, 13, 0, TRUE, 23, '' );
INSERT INTO materiali VALUES ( 209, 'INTERPARETE', 0.052, 110, 900, 0, 9, 0, TRUE, 8, '' );
INSERT INTO materiali VALUES ( 300, 'INTERCAPEDINE FORTEMENTE VENTILATA', 0, 0, 0, 99, 7, 0, FALSE, 7, '' );





CREATE TABLE IF NOT EXISTS stratigrafie (
  id SMALLINT NOT NULL,
  descrizione VARCHAR(40) NOT NULL,
  id_struttura SMALLINT,

  PRIMARY KEY (id),
  UNIQUE INDEX (id_struttura, descrizione),
  INDEX struttura_ind (id_struttura),

  FOREIGN KEY (id_struttura) 
  REFERENCES strutture(id)
  ON DELETE RESTRICT ON UPDATE CASCADE
);

INSERT INTO stratigrafie VALUES ( 0, 'VALIDAZIONE 1', 2 );
INSERT INTO stratigrafie VALUES ( 1, 'VALIDAZIONE 2', 2 );
INSERT INTO stratigrafie VALUES ( 2, '1-1-3 CAPPOTTO NaturaWall®', 2 );
INSERT INTO stratigrafie VALUES ( 3, '1-1-6-1 CAPPOTTO RISTRUTTURAZIONE', 2 );
INSERT INTO stratigrafie VALUES ( 4, '1-1-7 PAVADENTRO', 2 );
INSERT INTO stratigrafie VALUES ( 5, '1-1-10 CONTROPARETE IGROVARIABILE', 2 );
INSERT INTO stratigrafie VALUES ( 6, '1-2-1 X-LAM CON THERMOHANF', 2 );
INSERT INTO stratigrafie VALUES ( 7, '1-2-3 PARETE IN LEGNO X-LAM', 2 );
INSERT INTO stratigrafie VALUES ( 8, '1-3-4 PARETE IN LEGNO TELAIO', 2 );
INSERT INTO stratigrafie VALUES ( 9, '3-1-1 TETTO TORINO', 0 );
INSERT INTO stratigrafie VALUES ( 10, '3-1-2-1 TETTO AOSTA', 0 );
INSERT INTO stratigrafie VALUES ( 11, '3-1-3 TETTO VERONA', 0 );
INSERT INTO stratigrafie VALUES ( 12, '3-1-4 TETTO UMBRIA TOSCANA', 0 );
INSERT INTO stratigrafie VALUES ( 13, '3-1-5 TETTO LEGNO PIANO', 0 );
INSERT INTO stratigrafie VALUES ( 14, '3-1-6 TETTO LEGNO VERDE', 0 );
INSERT INTO stratigrafie VALUES ( 15, '3-1-8 TETTO MASTER', 0 );
INSERT INTO stratigrafie VALUES ( 16, '3-4-1 TETTO FERRARA', 0 );
INSERT INTO stratigrafie VALUES ( 17, '3-4-2 TETTO LATERO CEMENTO', 0 );
INSERT INTO stratigrafie VALUES ( 18, '3-4-4 TETTO APPENNINO', 0 );
INSERT INTO stratigrafie VALUES ( 19, '3-3-1 RISANAMENTO TETTO THERMOHANF', 0 );
INSERT INTO stratigrafie VALUES ( 20, '1-1-11 PARETE CREASAN', 2 );
INSERT INTO stratigrafie VALUES ( 21, '3-3-1.2 RISANAMENTO TETTO PAVAFLOC', 0 );
INSERT INTO stratigrafie VALUES ( 22, '1-2-a PARETE XLAM 59 dB', 2 );
INSERT INTO stratigrafie VALUES ( 23, '1-2-b PARETE XLAM-PROCREA 46 Db', 2 );





CREATE TABLE IF NOT EXISTS elementi_stratigrafie (
  id_stratigrafia SMALLINT,
  id_materiale SMALLINT,
  posizione TINYINT UNSIGNED NOT NULL,
  spessore FLOAT UNSIGNED NOT NULL,

  PRIMARY KEY (id_stratigrafia, posizione),
  INDEX stratigrafia_ind (id_stratigrafia),
  INDEX materiale_ind (id_materiale),

  FOREIGN KEY (id_stratigrafia) 
  REFERENCES stratigrafie(id)
  ON DELETE RESTRICT ON UPDATE CASCADE,

  FOREIGN KEY (id_materiale) 
  REFERENCES maeriali(id)
  ON DELETE RESTRICT ON UPDATE CASCADE
);

INSERT INTO elementi_stratigrafie VALUES ( 0, 2, 0, 200 );
INSERT INTO elementi_stratigrafie VALUES ( 1, 2, 0, 200 );
INSERT INTO elementi_stratigrafie VALUES ( 1, 5, 1, 100 );
INSERT INTO elementi_stratigrafie VALUES ( 1, 8, 2, 5 );
INSERT INTO elementi_stratigrafie VALUES ( 2, 149, 0, 15 );
INSERT INTO elementi_stratigrafie VALUES ( 2, 148, 1, 250 );
INSERT INTO elementi_stratigrafie VALUES ( 2, 82, 2, 7 );
INSERT INTO elementi_stratigrafie VALUES ( 2, 28, 3, 60 );
INSERT INTO elementi_stratigrafie VALUES ( 2, 82, 4, 7 );
INSERT INTO elementi_stratigrafie VALUES ( 2, 90, 5, 1.5 );
INSERT INTO elementi_stratigrafie VALUES ( 3, 149, 0, 15 );
INSERT INTO elementi_stratigrafie VALUES ( 3, 150, 1, 400 );
INSERT INTO elementi_stratigrafie VALUES ( 3, 151, 2, 15 );
INSERT INTO elementi_stratigrafie VALUES ( 3, 82, 3, 7 );
INSERT INTO elementi_stratigrafie VALUES ( 3, 28, 4, 60 );
INSERT INTO elementi_stratigrafie VALUES ( 3, 82, 5, 7 );
INSERT INTO elementi_stratigrafie VALUES ( 3, 90, 6, 1.5 );
INSERT INTO elementi_stratigrafie VALUES ( 4, 75, 0, 3 );
INSERT INTO elementi_stratigrafie VALUES ( 4, 73, 1, 10 );
INSERT INTO elementi_stratigrafie VALUES ( 4, 29, 2, 60 );
INSERT INTO elementi_stratigrafie VALUES ( 4, 73, 3, 20 );
INSERT INTO elementi_stratigrafie VALUES ( 4, 152, 4, 375 );
INSERT INTO elementi_stratigrafie VALUES ( 5, 95, 0, 12.5 );
INSERT INTO elementi_stratigrafie VALUES ( 5, 107, 1, 10 );
INSERT INTO elementi_stratigrafie VALUES ( 5, 19, 2, 0.2 );
INSERT INTO elementi_stratigrafie VALUES ( 5, 4, 3, 60 );
INSERT INTO elementi_stratigrafie VALUES ( 5, 73, 4, 20 );
INSERT INTO elementi_stratigrafie VALUES ( 5, 150, 5, 400 );
INSERT INTO elementi_stratigrafie VALUES ( 6, 95, 0, 12.5 );
INSERT INTO elementi_stratigrafie VALUES ( 6, 40, 1, 40 );
INSERT INTO elementi_stratigrafie VALUES ( 6, 153, 2, 95 );
INSERT INTO elementi_stratigrafie VALUES ( 6, 17, 3, 60 );
INSERT INTO elementi_stratigrafie VALUES ( 6, 82, 4, 7 );
INSERT INTO elementi_stratigrafie VALUES ( 6, 90, 5, 1.5 );
INSERT INTO elementi_stratigrafie VALUES ( 7, 75, 0, 3 );
INSERT INTO elementi_stratigrafie VALUES ( 7, 73, 1, 20 );
INSERT INTO elementi_stratigrafie VALUES ( 7, 80, 2, 35 );
INSERT INTO elementi_stratigrafie VALUES ( 7, 153, 3, 95 );
INSERT INTO elementi_stratigrafie VALUES ( 7, 4, 4, 100 );
INSERT INTO elementi_stratigrafie VALUES ( 7, 50, 5, 0.3 );
INSERT INTO elementi_stratigrafie VALUES ( 7, 300, 6, 0 );
INSERT INTO elementi_stratigrafie VALUES ( 8, 95, 0, 12.5 );
INSERT INTO elementi_stratigrafie VALUES ( 8, 40, 1, 60 );
INSERT INTO elementi_stratigrafie VALUES ( 8, 94, 2, 10 );
INSERT INTO elementi_stratigrafie VALUES ( 8, 4, 3, 60 );
INSERT INTO elementi_stratigrafie VALUES ( 8, 4, 4, 60 );
INSERT INTO elementi_stratigrafie VALUES ( 8, 9, 5, 25 );
INSERT INTO elementi_stratigrafie VALUES ( 8, 50, 6, 0.3 );
INSERT INTO elementi_stratigrafie VALUES ( 8, 300, 7, 0 );
INSERT INTO elementi_stratigrafie VALUES ( 9, 161, 0, 25 );
INSERT INTO elementi_stratigrafie VALUES ( 9, 58, 1, 0.45 );
INSERT INTO elementi_stratigrafie VALUES ( 9, 4, 2, 60 );
INSERT INTO elementi_stratigrafie VALUES ( 9, 4, 3, 60 );
INSERT INTO elementi_stratigrafie VALUES ( 9, 16, 4, 19 );
INSERT INTO elementi_stratigrafie VALUES ( 9, 46, 5, 0.4 );
INSERT INTO elementi_stratigrafie VALUES ( 9, 300, 6, 0 );
INSERT INTO elementi_stratigrafie VALUES ( 10, 161, 0, 25 );
INSERT INTO elementi_stratigrafie VALUES ( 10, 58, 1, 0.45 );
INSERT INTO elementi_stratigrafie VALUES ( 10, 40, 2, 80 );
INSERT INTO elementi_stratigrafie VALUES ( 10, 40, 3, 80 );
INSERT INTO elementi_stratigrafie VALUES ( 10, 3, 4, 35 );
INSERT INTO elementi_stratigrafie VALUES ( 10, 300, 5, 0 );
INSERT INTO elementi_stratigrafie VALUES ( 11, 161, 0, 25 );
INSERT INTO elementi_stratigrafie VALUES ( 11, 58, 1, 0.45 );
INSERT INTO elementi_stratigrafie VALUES ( 11, 4, 2, 60 );
INSERT INTO elementi_stratigrafie VALUES ( 11, 4, 3, 60 );
INSERT INTO elementi_stratigrafie VALUES ( 11, 3, 4, 22 );
INSERT INTO elementi_stratigrafie VALUES ( 11, 300, 5, 0 );
INSERT INTO elementi_stratigrafie VALUES ( 12, 162, 0, 25 );
INSERT INTO elementi_stratigrafie VALUES ( 12, 163, 1, 35 );
INSERT INTO elementi_stratigrafie VALUES ( 12, 4, 2, 80 );
INSERT INTO elementi_stratigrafie VALUES ( 12, 3, 3, 22 );
INSERT INTO elementi_stratigrafie VALUES ( 12, 300, 4, 0 );
INSERT INTO elementi_stratigrafie VALUES ( 13, 161, 0, 25 );
INSERT INTO elementi_stratigrafie VALUES ( 13, 57, 1, 0.45 );
INSERT INTO elementi_stratigrafie VALUES ( 13, 192, 2, 80 );
INSERT INTO elementi_stratigrafie VALUES ( 13, 192, 3, 80 );
INSERT INTO elementi_stratigrafie VALUES ( 13, 191, 4, 1.5 );
INSERT INTO elementi_stratigrafie VALUES ( 13, 156, 5, 60 );
INSERT INTO elementi_stratigrafie VALUES ( 14, 161, 0, 25 );
INSERT INTO elementi_stratigrafie VALUES ( 14, 57, 1, 0.45 );
INSERT INTO elementi_stratigrafie VALUES ( 14, 192, 2, 80 );
INSERT INTO elementi_stratigrafie VALUES ( 14, 192, 3, 80 );
INSERT INTO elementi_stratigrafie VALUES ( 14, 191, 4, 1.5 );
INSERT INTO elementi_stratigrafie VALUES ( 14, 159, 5, 80 );
INSERT INTO elementi_stratigrafie VALUES ( 15, 161, 0, 25 );
INSERT INTO elementi_stratigrafie VALUES ( 15, 57, 1, 0.45 );
INSERT INTO elementi_stratigrafie VALUES ( 15, 4, 2, 60 );
INSERT INTO elementi_stratigrafie VALUES ( 15, 4, 3, 60 );
INSERT INTO elementi_stratigrafie VALUES ( 15, 16, 4, 19 );
INSERT INTO elementi_stratigrafie VALUES ( 15, 49, 5, 0.7 );
INSERT INTO elementi_stratigrafie VALUES ( 15, 300, 6, 0 );
INSERT INTO elementi_stratigrafie VALUES ( 16, 149, 0, 15 );
INSERT INTO elementi_stratigrafie VALUES ( 16, 11, 1, 200 );
INSERT INTO elementi_stratigrafie VALUES ( 16, 4, 2, 60 );
INSERT INTO elementi_stratigrafie VALUES ( 16, 4, 3, 60 );
INSERT INTO elementi_stratigrafie VALUES ( 16, 16, 4, 19 );
INSERT INTO elementi_stratigrafie VALUES ( 16, 46, 5, 0.4 );
INSERT INTO elementi_stratigrafie VALUES ( 16, 300, 6, 0 );
INSERT INTO elementi_stratigrafie VALUES ( 17, 149, 0, 15 );
INSERT INTO elementi_stratigrafie VALUES ( 17, 160, 1, 160 );
INSERT INTO elementi_stratigrafie VALUES ( 17, 164, 2, 40 );
INSERT INTO elementi_stratigrafie VALUES ( 17, 49, 3, 0.7 );
INSERT INTO elementi_stratigrafie VALUES ( 17, 192, 4, 80 );
INSERT INTO elementi_stratigrafie VALUES ( 17, 192, 5, 80 );
INSERT INTO elementi_stratigrafie VALUES ( 17, 191, 6, 1.5 );
INSERT INTO elementi_stratigrafie VALUES ( 17, 156, 7, 60 );
INSERT INTO elementi_stratigrafie VALUES ( 18, 165, 0, 15 );
INSERT INTO elementi_stratigrafie VALUES ( 18, 160, 1, 160 );
INSERT INTO elementi_stratigrafie VALUES ( 18, 164, 2, 40 );
INSERT INTO elementi_stratigrafie VALUES ( 18, 26, 3, 120 );
INSERT INTO elementi_stratigrafie VALUES ( 18, 300, 4, 0 );
INSERT INTO elementi_stratigrafie VALUES ( 19, 161, 0, 25 );
INSERT INTO elementi_stratigrafie VALUES ( 19, 19, 1, 0.2 );
INSERT INTO elementi_stratigrafie VALUES ( 19, 40, 2, 60 );
INSERT INTO elementi_stratigrafie VALUES ( 19, 40, 3, 60 );
INSERT INTO elementi_stratigrafie VALUES ( 19, 61, 4, 0.25 );
INSERT INTO elementi_stratigrafie VALUES ( 19, 161, 5, 22 );
INSERT INTO elementi_stratigrafie VALUES ( 19, 154, 6, 10 );
INSERT INTO elementi_stratigrafie VALUES ( 19, 300, 7, 0 );
INSERT INTO elementi_stratigrafie VALUES ( 20, 75, 0, 2 );
INSERT INTO elementi_stratigrafie VALUES ( 20, 73, 1, 8 );
INSERT INTO elementi_stratigrafie VALUES ( 20, 79, 2, 25 );
INSERT INTO elementi_stratigrafie VALUES ( 20, 134, 3, 50 );
INSERT INTO elementi_stratigrafie VALUES ( 20, 19, 4, 0.2 );
INSERT INTO elementi_stratigrafie VALUES ( 20, 4, 5, 60 );
INSERT INTO elementi_stratigrafie VALUES ( 20, 73, 6, 20 );
INSERT INTO elementi_stratigrafie VALUES ( 20, 150, 7, 400 );
INSERT INTO elementi_stratigrafie VALUES ( 21, 94, 0, 10 );
INSERT INTO elementi_stratigrafie VALUES ( 21, 102, 1, 30 );
INSERT INTO elementi_stratigrafie VALUES ( 21, 19, 2, 0.2 );
INSERT INTO elementi_stratigrafie VALUES ( 21, 205, 3, 280 );
INSERT INTO elementi_stratigrafie VALUES ( 21, 161, 4, 25 );
INSERT INTO elementi_stratigrafie VALUES ( 21, 154, 5, 4 );
INSERT INTO elementi_stratigrafie VALUES ( 21, 300, 6, 0 );
INSERT INTO elementi_stratigrafie VALUES ( 22, 95, 0, 12.5 );
INSERT INTO elementi_stratigrafie VALUES ( 22, 35, 1, 40 );
INSERT INTO elementi_stratigrafie VALUES ( 22, 153, 2, 95 );
INSERT INTO elementi_stratigrafie VALUES ( 22, 28, 3, 120 );
INSERT INTO elementi_stratigrafie VALUES ( 22, 82, 4, 7 );
INSERT INTO elementi_stratigrafie VALUES ( 22, 90, 5, 1.5 );
INSERT INTO elementi_stratigrafie VALUES ( 23, 75, 0, 3 );
INSERT INTO elementi_stratigrafie VALUES ( 23, 73, 1, 10 );
INSERT INTO elementi_stratigrafie VALUES ( 23, 80, 2, 35 );
INSERT INTO elementi_stratigrafie VALUES ( 23, 153, 3, 95 );
INSERT INTO elementi_stratigrafie VALUES ( 23, 28, 4, 120 );
INSERT INTO elementi_stratigrafie VALUES ( 23, 82, 5, 7 );
INSERT INTO elementi_stratigrafie VALUES ( 23, 90, 6, 1.5 );
