

CREATE TABLE contatti (
  id MEDIUMINT NOT NULL AUTO_INCREMENT,
  nome VARCHAR(20) NOT NULL,
  cognome VARCHAR(20) NOT NULL,
  professione VARCHAR(20),
  progetto VARCHAR(40),
  cantiere VARCHAR(40) NOT NULL,
  provincia VARCHAR(20) NOT NULL,
  cap VARCHAR(10),
  email VARCHAR(20) NOT NULL,
  telefono VARCHAR(20),
  inserimento DATETIME NOT NULL,
  PRIMARY KEY (id)
);



CREATE TABLE strutture (
  id SMALLINT NOT NULL,
  descrizione VARCHAR(40) NOT NULL,
  rsi FLOAT UNSIGNED NOT NULL,
  rse FLOAT UNSIGNED NOT NULL,
  rse_ventilazione FLOAT UNSIGNED NOT NULL,
  PRIMARY KEY (id),
  UNIQUE (descrizione) 
);

INSERT INTO strutture VALUES ( 0, 'TETTO', 0.1, 0.04, 0.1 );
INSERT INTO strutture VALUES ( 1, 'SOLAIO VS SOTTOTETTO', 0.13, 0.04, 0.13 );
INSERT INTO strutture VALUES ( 2, 'PARETE', 0.13, 0.04, 0.13 );
INSERT INTO strutture VALUES ( 3, 'PAVIMENTO', 0.04, 0.17, 1 );





CREATE TABLE tipologie (
  id SMALLINT NOT NULL,
  descrizione VARCHAR(40) NOT NULL,
  PRIMARY KEY (id),
  UNIQUE (descrizione) 
);

INSERT INTO tipologie VALUES ( 0, 'BARRIERE ARIA' );
INSERT INTO tipologie VALUES ( 1, 'CALCESTRUZZI' );
INSERT INTO tipologie VALUES ( 2, 'COPERTURE' );
INSERT INTO tipologie VALUES ( 3, 'FINITURE' );
INSERT INTO tipologie VALUES ( 4, 'IMPERMEABILIZZAZIONI' );
INSERT INTO tipologie VALUES ( 5, 'INTERCAPEDINI NON VENTILATE' );
INSERT INTO tipologie VALUES ( 6, 'INTERCAPEDINI DEBOLMENTE VENTILATE' );
INSERT INTO tipologie VALUES ( 7, 'INTERCAPEDINI FORTEMENTE VENTILATE' );
INSERT INTO tipologie VALUES ( 8, 'INTONACI' );
INSERT INTO tipologie VALUES ( 9, 'ISOLANTI' );
INSERT INTO tipologie VALUES ( 10, 'LATERIZI' );
INSERT INTO tipologie VALUES ( 11, 'LEGNAMI' );
INSERT INTO tipologie VALUES ( 12, 'PANNELLI DA COSTRUZIONE' );
INSERT INTO tipologie VALUES ( 13, 'PIETRA' );
INSERT INTO tipologie VALUES ( 14, 'SOLAI' );
INSERT INTO tipologie VALUES ( 15, 'SOTTOFONDI' );
INSERT INTO tipologie VALUES ( 16, 'VARI' );





CREATE TABLE immagini (
  id SMALLINT NOT NULL,
  nome VARCHAR(40) NOT NULL,
  PRIMARY KEY (id)
);

INSERT INTO immagini VALUES ( 0, 'naturadiff_eco' );
INSERT INTO immagini VALUES ( 1, 'naturafren_forte' );
INSERT INTO immagini VALUES ( 2, 'calcestruzzo' );
INSERT INTO immagini VALUES ( 3, 'ghiaia-rivestimento' );
INSERT INTO immagini VALUES ( 4, 'tetto_verde' );
INSERT INTO immagini VALUES ( 5, 'intonaco' );
INSERT INTO immagini VALUES ( 6, 'stamisol_fa' );
INSERT INTO immagini VALUES ( 7, 'aria' );
INSERT INTO immagini VALUES ( 8, '60mm' );
INSERT INTO immagini VALUES ( 9, '60mm_sintetico' );
INSERT INTO immagini VALUES ( 10, '60mm_minerali' );
INSERT INTO immagini VALUES ( 11, '60mm_floc' );
INSERT INTO immagini VALUES ( 12, 'pavadentro_6cm' );
INSERT INTO immagini VALUES ( 13, 'vetro_cellulare' );
INSERT INTO immagini VALUES ( 14, 'cellulare_autocl' );
INSERT INTO immagini VALUES ( 15, 'poroton_25cm' );
INSERT INTO immagini VALUES ( 16, 'controparete_mattoni_12cm' );  
INSERT INTO immagini VALUES ( 17, 'tramezze_8cm' );  
INSERT INTO immagini VALUES ( 18, 'blocco_pieno' );  
INSERT INTO immagini VALUES ( 19, 'pannello_legno' );  
INSERT INTO immagini VALUES ( 20, 'legno_massiccio_klh' );  
INSERT INTO immagini VALUES ( 21, 'pannello_argilla' );  
INSERT INTO immagini VALUES ( 22, 'parete_sasso' );  
INSERT INTO immagini VALUES ( 23, 'ghiaia' );  
INSERT INTO immagini VALUES ( 24, 'solaio_laterocemento' );  
INSERT INTO immagini VALUES ( 25, 'solaio_polistirene' );  
INSERT INTO immagini VALUES ( 26, 'marmorsplitt' );  
INSERT INTO immagini VALUES ( 27, 'pavaplanum' );  
INSERT INTO immagini VALUES ( 28, 'pavaself' );  
INSERT INTO immagini VALUES ( 29, 'calciumsilikat' );  
INSERT INTO immagini VALUES ( 30, 'osb' );
INSERT INTO immagini VALUES ( 31, 'tegole' );
INSERT INTO immagini VALUES ( 32, '60mm_mista' );





CREATE TABLE riferimenti (
  id SMALLINT NOT NULL,
  descrizione VARCHAR(40) NOT NULL,
  PRIMARY KEY (id),
  UNIQUE (descrizione) 
);

INSERT INTO riferimenti VALUES ( 0, 'NATURALIA-BAU' );
INSERT INTO riferimenti VALUES ( 1, 'UNI 10351' );
INSERT INTO riferimenti VALUES ( 2, 'UNI 10355' );
INSERT INTO riferimenti VALUES ( 3, 'UNI EN 10456' );
INSERT INTO riferimenti VALUES ( 4, 'COMMERCIALE' );
INSERT INTO riferimenti VALUES ( 5, 'UNI 13786' );
INSERT INTO riferimenti VALUES ( 6, 'UNI EN 13168' );
INSERT INTO riferimenti VALUES ( 7, 'UNI 12524' );
INSERT INTO riferimenti VALUES ( 8, 'UNI EN ISO 6946' );
INSERT INTO riferimenti VALUES ( 9, 'DIRETTIVA CASA CLIMA' );
INSERT INTO riferimenti VALUES ( 10, 'POROTON' );
INSERT INTO riferimenti VALUES ( 11, 'DAEMMWERK' );
INSERT INTO riferimenti VALUES ( 99, 'NO' );





CREATE TABLE materiali (
  id SMALLINT NOT NULL,
  descrizione VARCHAR(50) NOT NULL,
  lambda FLOAT UNSIGNED NOT NULL,
  rho SMALLINT UNSIGNED NOT NULL,
  c SMALLINT UNSIGNED NOT NULL,
  id_riferimento SMALLINT,
  id_tipologia SMALLINT,
  spessore FLOAT UNSIGNED NOT NULL,
  spessore_modificalbile BOOLEAN NOT NULL,
  id_immagine SMALLINT,
  capitolato VARCHAR(500),

  PRIMARY KEY (id),
  UNIQUE INDEX (id_tipologia, descrizione),
  INDEX riferimento_ind (id_riferimento),
  INDEX tipologia_ind (id_tipologia),
  INDEX immagine_ind (id_immagine),

  FOREIGN KEY (id_riferimento) 
  REFERENCES riferimenti(id)
  ON DELETE RESTRICT ON UPDATE CASCADE,
  FOREIGN KEY (id_tipologia) 
  REFERENCES tipologie(id)
  ON DELETE RESTRICT ON UPDATE CASCADE,
  FOREIGN KEY (id_immagine) 
  REFERENCES immagini(id)
  ON DELETE RESTRICT ON UPDATE CASCADE
);

INSERT INTO materiali VALUES ( 1, 'CALCESTRUZZO', 1.4, 1800, 880, 2, 1, 0, TRUE, 2, '' );
INSERT INTO materiali VALUES ( 2, 'CALCESTRUZZO - UNI 13786', 1.8, 2400, 1000, 5, 1, 0, TRUE, 2, '' );
INSERT INTO materiali VALUES ( 3, 'ISOLAIR-L (22, 35, 52mm)', 0.047, 240, 2100, 0, 9, 0, TRUE, 8, '' );
INSERT INTO materiali VALUES ( 4, 'PAVATHERM', 0.038, 110, 2100, 0, 9, 0, TRUE, 8, '' );
INSERT INTO materiali VALUES ( 5, 'ISOLAMENTO TERMICO - UNI 13786', 0.04, 30, 1400, 5, 9, 0, TRUE, 9, '' );
INSERT INTO materiali VALUES ( 6, 'MATTONE FORATO', 0.4, 750, 840, 2, 10, 80, FALSE, 17, '' );
INSERT INTO materiali VALUES ( 7, 'POLISTIRENE ESPANSO ESTRUSO', 0.035, 35, 1250, 2, 9, 0, TRUE, 9, '' );
INSERT INTO materiali VALUES ( 8, 'RIVESTIMENTO - UNI 13786', 1, 1200, 1500, 5, 8, 0, TRUE, 5, '' );
INSERT INTO materiali VALUES ( 9, 'PANNELLO IN LEGNO DI ABETE', 0.12, 450, 2100, 1, 11, 0, TRUE, 19, '' );
INSERT INTO materiali VALUES ( 10, 'PANNELLO IN LEGNO', 0.13, 600, 2100, 4, 11, 0, TRUE, 19, '' );
INSERT INTO materiali VALUES ( 11, 'SOLAIO IN LATERO CEMENTO', 0.75, 1400, 840, 2, 14, 0, TRUE, 24, '' );
INSERT INTO materiali VALUES ( 12, 'TAVELLONI ORIZZONTALI', 0.462, 617, 840, 2, 10, 0, TRUE, 17, '' );
INSERT INTO materiali VALUES ( 16, 'NATURAISOLANT (8, 12, 19mm)', 0.046, 220, 2100, 0, 9, 0, TRUE, 8, '' );
INSERT INTO materiali VALUES ( 17, 'DIFFUTHERM', 0.043, 190, 2100, 0, 9, 0, TRUE, 8, '' );
INSERT INTO materiali VALUES ( 18, 'DIFFUTHERM (40mm)', 0.045, 210, 2100, 0, 9, 40, FALSE, 8, '' );
INSERT INTO materiali VALUES ( 19, 'INTELLO (0,2mm)', 0.18, 425, 1, 0, 0, 0.2, FALSE, 0, '' );
INSERT INTO materiali VALUES ( 21, 'PAVABOARD', 0.046, 210, 2100, 0, 9, 0, TRUE, 8, '' );
INSERT INTO materiali VALUES ( 22, 'NATURAFREN FORTE (0,6mm)', 1, 233, 1, 0, 0, 0.6, FALSE, 1, '' );
INSERT INTO materiali VALUES ( 23, 'PAVADENTRO (40mm)', 0.045, 180, 2100, 0, 9, 0, TRUE, 12, '' );
INSERT INTO materiali VALUES ( 24, 'PAVATHERM ALPIN', 0.042, 180, 2100, 0, 9, 0, TRUE, 8, '' );
INSERT INTO materiali VALUES ( 25, 'NATUR ISOLANT (19 mm)', 0.046, 240, 2100, 0, 9, 19, FALSE, 8, '' );
INSERT INTO materiali VALUES ( 26, 'PAVATHERM-PLUS', 0.044, 180, 2100, 0, 9, 0, TRUE, 8, '' );
INSERT INTO materiali VALUES ( 28, 'PAVAWALL', 0.04, 130, 2100, 0, 9, 0, TRUE, 8, '' );
INSERT INTO materiali VALUES ( 29, 'PAVADENTRO (60 mm)', 0.045, 180, 2100, 0, 9, 60, FALSE, 8, '' );
INSERT INTO materiali VALUES ( 30, 'PAVADENTRO (80 mm)', 0.045, 180, 2100, 0, 9, 80, FALSE, 8, '' );
INSERT INTO materiali VALUES ( 31, 'PAVADENTRO (100 mm)', 0.045, 180, 2100, 0, 9, 100, FALSE, 8, '' );
INSERT INTO materiali VALUES ( 32, 'PAVAPOR (17/16, 22/21, 32/30 mm)', 0.038, 140, 2100, 0, 9, 0, TRUE, 8, '' );
INSERT INTO materiali VALUES ( 34, 'PAVATHERM-PROFIL', 0.043, 180, 2100, 0, 9, 0, TRUE, 8, '' );
INSERT INTO materiali VALUES ( 35, 'PAVAFLEX', 0.038, 55, 2100, 0, 9, 0, TRUE, 8, '' );
INSERT INTO materiali VALUES ( 36, 'NATURATHERM', 0.039, 155, 2100, 0, 9, 4, FALSE, 8, '' );
INSERT INTO materiali VALUES ( 37, 'NATURASTEP (7 mm)', 0.046, 240, 2100, 0, 9, 7, FALSE, 8, '' );
INSERT INTO materiali VALUES ( 39, 'THERMOHANF', 0.038, 38, 2200, 0, 9, 0, TRUE, 8, '' );
INSERT INTO materiali VALUES ( 40, 'THERMOHANF-PLUS', 0.038, 38, 2200, 0, 9, 0, TRUE, 8, '' );
INSERT INTO materiali VALUES ( 41, 'THERMOHANF-STEP (3, 5, 10 mm)', 0.05, 150, 2200, 0, 9, 0, TRUE, 8, '' );
INSERT INTO materiali VALUES ( 42, 'CALCIUMSILIKAT', 0.06, 38, 710, 0, 16, 0, TRUE, 29, '' );
INSERT INTO materiali VALUES ( 43, 'PAVAPLANUM', 0.2, 750, 1000, 0, 15, 0, TRUE, 27, '' );
INSERT INTO materiali VALUES ( 44, 'MARMORSPLITT', 0, 1500, 1500, 0, 15, 0, TRUE, 26, '' );
INSERT INTO materiali VALUES ( 45, 'PAVASELF', 0.05, 90, 1000, 0, 15, 0, TRUE, 28, '' );
INSERT INTO materiali VALUES ( 46, 'STAMISOL ECO (0,4 mm)', 0.18, 800, 1000, 0, 4, 0.4, FALSE, 6, '' );
INSERT INTO materiali VALUES ( 47, 'STAMISOL DW (0,5 mm)', 0.18, 730, 1000, 0, 4, 0.5, FALSE, 6, '' );
INSERT INTO materiali VALUES ( 49, 'STAMISOL PACK 500 (0,7 mm)', 0.18, 714, 1, 0, 4, 0.7, FALSE, 6, '' );
INSERT INTO materiali VALUES ( 50, 'STAMISOL FA', 0.18, 867, 1000, 0, 4, 0.3, FALSE, 6, '' );
INSERT INTO materiali VALUES ( 51, 'STAMISOL ABS', 0.18, 560, 1000, 0, 4, 0.75, FALSE, 6, '' );
INSERT INTO materiali VALUES ( 52, 'STAMISOL SD70', 0.18, 560, 1000, 0, 0, 0.75, FALSE, 1, '' );
INSERT INTO materiali VALUES ( 54, 'NATURADIFF UNI (0,6 mm)', 0.18, 283, 1000, 0, 4, 0.6, FALSE, 6, '' );
INSERT INTO materiali VALUES ( 55, 'NATURADIFF UNIPLUS (0,6 mm)', 0.18, 258, 1000, 0, 4, 0.6, FALSE, 6, '' );
INSERT INTO materiali VALUES ( 56, 'INTELLO PLUS', 0.18, 550, 1000, 0, 0, 0.2, FALSE, 1, '' );
INSERT INTO materiali VALUES ( 57, 'INTESANA', 0.18, 311, 1000, 0, 0, 0.45, FALSE, 1, '' );
INSERT INTO materiali VALUES ( 58, 'INTESANA-EVO', 0.18, 267, 1000, 0, 0, 0.45, FALSE, 1, '' );
INSERT INTO materiali VALUES ( 59, 'DB', 0.18, 78, 1000, 0, 0, 2.3, FALSE, 0, '' );
INSERT INTO materiali VALUES ( 60, 'DB+', 0.18, 80, 1000, 0, 0, 2.3, FALSE, 0, '' );
INSERT INTO materiali VALUES ( 61, 'DASATOP', 0.18, 280, 1000, 0, 0, 0.25, FALSE, 1, '' );
INSERT INTO materiali VALUES ( 62, 'DA', 0.18, 57, 1000, 0, 0, 2.3, FALSE, 0, '' );
INSERT INTO materiali VALUES ( 63, 'SOLITEX MENTO', 0.18, 275, 1000, 0, 4, 0.4, FALSE, 6, '' );
INSERT INTO materiali VALUES ( 64, 'SOLITEX UD', 0.18, 280, 1000, 0, 4, 0.5, FALSE, 6, '' );
INSERT INTO materiali VALUES ( 65, 'SOLITEX PLUS', 0.18, 309, 1000, 0, 4, 0.55, FALSE, 6, '' );
INSERT INTO materiali VALUES ( 66, 'SOLITEX UM CONNECT', 0.18, 625, 1000, 0, 4, 0.8, FALSE, 6, '' );
INSERT INTO materiali VALUES ( 67, 'SOLITEX WA', 0.18, 222, 1000, 0, 4, 0.45, FALSE, 6, '' );
INSERT INTO materiali VALUES ( 73, 'PRO CREA - Fondo', 0.27, 1800, 1200, 0, 8, 20, FALSE, 5, '' );
INSERT INTO materiali VALUES ( 74, 'PRO CREA - Fine', 0.27, 1800, 1200, 0, 8, 10, FALSE, 5, '' );
INSERT INTO materiali VALUES ( 75, 'PRO CREA - Intonachino', 0.91, 1800, 1200, 0, 8, 3, FALSE, 5, '' );
INSERT INTO materiali VALUES ( 76, 'PRO CREA - Pittura gran fino', 0.91, 1800, 1000, 0, 3, 1, FALSE, 5, '' );
INSERT INTO materiali VALUES ( 77, 'PRO CREA - Pittura', 0.91, 1800, 1000, 0, 3, 0.5, FALSE, 5, '' );
INSERT INTO materiali VALUES ( 78, 'PANNELLO D\'ARGILLA 16mm PRO CREA', 0.47, 1200, 1200, 0, 12, 16, FALSE, 21, '' );
INSERT INTO materiali VALUES ( 79, 'PANNELLO D\'ARGILLA 25mm PRO CREA', 0.33, 1520, 1200, 0, 12, 25, FALSE, 21, '' );
INSERT INTO materiali VALUES ( 80, 'PANNELLO D\'ARGILLA 35mm PRO CREA', 0.33, 1200, 1200, 0, 12, 35, FALSE, 21, '' );
INSERT INTO materiali VALUES ( 81, 'PANNELLO D\'ARGILLA 50mm PRO CREA', 0.33, 1400, 1200, 0, 12, 50, FALSE, 21, '' );
INSERT INTO materiali VALUES ( 82, 'NATURAKALK-POR', 0.63, 1200, 830, 0, 8, 7, FALSE, 5, '' );
INSERT INTO materiali VALUES ( 83, 'NATURAKALK-OSMO', 0.98, 1850, 1000, 0, 8, 0, TRUE, 5, '' );
INSERT INTO materiali VALUES ( 84, 'NATURAKALK-PRIMER P', 1, 1740, 1000, 0, 3, 0, TRUE, 5, '' );
INSERT INTO materiali VALUES ( 85, 'NATURAKALK-FILLER P', 1, 1740, 1000, 0, 3, 0, TRUE, 5, '' );
INSERT INTO materiali VALUES ( 86, 'NATURAKALK-PROTECT I', 0.7, 1740, 1000, 0, 3, 1.5, FALSE, 5, '' );
INSERT INTO materiali VALUES ( 87, 'NATURAKALK-PROTECT P', 1, 1567, 1000, 0, 3, 0, TRUE, 5, '' );
INSERT INTO materiali VALUES ( 88, 'NATURAKALK-PRIMER S', 1, 1567, 1000, 0, 3, 0, TRUE, 5, '' );
INSERT INTO materiali VALUES ( 89, 'NATURAKALK-FILLER S', 1, 1567, 1000, 0, 3, 0, TRUE, 5, '' );
INSERT INTO materiali VALUES ( 90, 'NATURAKALK-SILICATI I', 0.6, 1800, 1000, 0, 3, 1.5, FALSE, 5, '' );
INSERT INTO materiali VALUES ( 91, 'NATURAKALK-SILICATI P', 1, 1590, 1000, 0, 3, 0, TRUE, 5, '' );
INSERT INTO materiali VALUES ( 92, 'NATURAKALK-CALCE I', 0.55, 1770, 1000, 0, 3, 1.5, FALSE, 5, '' );
INSERT INTO materiali VALUES ( 93, 'NATURAKALK-CALCE P', 1, 1300, 1000, 0, 3, 0, TRUE, 5, '' );
INSERT INTO materiali VALUES ( 94, 'FERMACELL 10mm', 0.32, 1150, 1100, 0, 12, 10, FALSE, 5, '' );
INSERT INTO materiali VALUES ( 95, 'FERMACELL 12, 5mm', 0.32, 1150, 1100, 0, 12, 12.5, FALSE, 5, '' );
INSERT INTO materiali VALUES ( 96, 'FERMACELL 15mm', 0.32, 1150, 1100, 0, 12, 15, FALSE, 5, '' );
INSERT INTO materiali VALUES ( 99, 'INTERCAPEDINE sp.10 mm F. ASCENDENTE', 0.06666, 1, 1008, 8, 5, 10, FALSE, 7, '' );
INSERT INTO materiali VALUES ( 102, 'INTERCAPEDINE sp.50 mm F. ASCENDENTE', 0.3125, 1, 1008, 8, 5, 50, FALSE, 7, '' );
INSERT INTO materiali VALUES ( 107, 'INTERCAPEDINE sp.10 mm F. ORIZZONTALE', 0.06666, 1, 1008, 8, 5, 10, FALSE, 7, '' );
INSERT INTO materiali VALUES ( 110, 'INTERCAPEDINE sp.50 mm F. ORIZZONTALE', 0.27777, 1, 1008, 8, 5, 50, FALSE, 7, '' );
INSERT INTO materiali VALUES ( 115, 'INTERCAPEDINE sp.10 mm F. DISCENDENTE', 0.06666, 1, 1008, 8, 5, 10, FALSE, 7, '' );
INSERT INTO materiali VALUES ( 119, 'INTERCAPEDINE sp.100 mm F. DISCENDENTE', 0.45454, 1, 1008, 8, 5, 100, FALSE, 7, '' );
INSERT INTO materiali VALUES ( 123, 'INTERCAPEDINE sp.10 mm F. ASCENDENTE', 0.13333, 1, 1008, 8, 6, 10, FALSE, 7, '' );
INSERT INTO materiali VALUES ( 126, 'INTERCAPEDINE sp.50 mm F. ASCENDENTE', 0.625, 1, 1008, 8, 6, 50, FALSE, 7, '' );
INSERT INTO materiali VALUES ( 131, 'INTERCAPEDINE sp.10 mm F. ORIZZONTALE', 0.13333, 1, 1008, 8, 6, 10, FALSE, 7, '' );
INSERT INTO materiali VALUES ( 134, 'INTERCAPEDINE sp.50 mm F. ORIZZONTALE', 0.55555, 1, 1008, 8, 6, 50, FALSE, 7, '' );
INSERT INTO materiali VALUES ( 139, 'INTERCAPEDINE sp.10 mm F. DISCENDENTE', 0.13333, 1, 1008, 8, 6, 10, FALSE, 7, '' );
INSERT INTO materiali VALUES ( 142, 'INTERCAPEDINE sp.50 mm F. DISCENDENTE', 0.47619, 1, 1008, 8, 6, 50, FALSE, 7, '' );
INSERT INTO materiali VALUES ( 145, 'MATTONE FORATO 10cm', 0.37, 780, 840, 2, 10, 100, FALSE, 17, '' );
INSERT INTO materiali VALUES ( 146, 'MATTONE FORATO 12cm', 0.387, 717, 840, 2, 10, 120, FALSE, 17, '' );
INSERT INTO materiali VALUES ( 147, 'MATTONE FORATO 15cm', 0.333, 760, 840, 2, 10, 150, FALSE, 17, '' );
INSERT INTO materiali VALUES ( 148, 'BLOCCO PORIZZATO', 0.24, 800, 840, 10, 10, 0, TRUE, 15, '' );
INSERT INTO materiali VALUES ( 149, 'INTONACO GESSO SABBIA', 0.8, 1600, 1000, 7, 8, 0, TRUE, 5, '' );
INSERT INTO materiali VALUES ( 150, 'PIETRA NATURALE', 2.3, 2000, 840, 1, 13, 0, TRUE, 22, '' );
INSERT INTO materiali VALUES ( 151, 'INTONACO CEMENTO SABBIA', 1, 1800, 1000, 7, 8, 0, TRUE, 5, '' );
INSERT INTO materiali VALUES ( 152, 'LATERIZIO PIENO', 0.798, 1800, 840, 2, 10, 0, TRUE, 16, '' );
INSERT INTO materiali VALUES ( 153, 'PANNELLO IN LEGNO X-LAM', 0.13, 500, 1600, 4, 11, 0, TRUE, 20, '' );
INSERT INTO materiali VALUES ( 154, 'GUAINA BITUMINOSA', 0.3, 1000, 921, 1, 4, 4, FALSE, 6, '' );
INSERT INTO materiali VALUES ( 156, 'STRATO PEDONABILE', 1.7, 1867, 1000, 0, 2, 0, TRUE, 3, '' );
INSERT INTO materiali VALUES ( 157, 'SOLAIO IN CALCESTRUZZO', 2.1, 2300, 1000, 0, 1, 0, TRUE, 2, '' );
INSERT INTO materiali VALUES ( 159, 'SUBSTRATO PER GIARDINO PENSILE', 1.4, 1800, 1000, 0, 2, 0, TRUE, 4, '' );
INSERT INTO materiali VALUES ( 160, 'SOLAIO IN LATERO CEMENTO 1', 0.5, 794, 940, 0, 14, 0, TRUE, 24, '' );
INSERT INTO materiali VALUES ( 161, 'PERLINE 25mm', 0.13, 600, 2100, 0, 11, 25, FALSE, 19, '' );
INSERT INTO materiali VALUES ( 162, 'MEZZANE IN COTTO', 0.81, 1800, 940, 0, 10, 0, TRUE, 16, '' );
INSERT INTO materiali VALUES ( 163, 'CALDANA IN MALTA', 1.4, 2000, 1000, 0, 1, 0, TRUE, 2, '' );
INSERT INTO materiali VALUES ( 164, 'CALDANA IN CALCESTRUZZO', 1.6, 2200, 1000, 0, 1, 0, TRUE, 2, '' );
INSERT INTO materiali VALUES ( 165, 'INTONACO INTERNO', 1.5, 1800, 1010, 0, 8, 0, TRUE, 5, '' );
INSERT INTO materiali VALUES ( 166, 'INTONACO IN CALCE', 0.18, 550, 1000, 9, 8, 0, TRUE, 5, '' );
INSERT INTO materiali VALUES ( 167, 'MURATURA IN LATER. PIENO 1800', 0.8, 1800, 1000, 2, 10, 0, TRUE, 18, '' );
INSERT INTO materiali VALUES ( 168, 'OSB 3', 0.13, 600, 1600, 11, 11, 15, FALSE, 30, '' );
INSERT INTO materiali VALUES ( 169, 'MURATURA IN LATER. SEMIP. 1800', 0.5, 1800, 1000, 2, 10, 0, TRUE, 15, '' );
INSERT INTO materiali VALUES ( 170, 'MURATURA IN LATER. SEMIP. 1400', 0.39, 1400, 1000, 2, 10, 0, TRUE, 15, '' );
INSERT INTO materiali VALUES ( 171, 'MURATURA IN LATER. FOR. 1800 - 8cm', 0.4, 1800, 1000, 2, 10, 0, TRUE, 15, '' );
INSERT INTO materiali VALUES ( 172, 'MURATURA IN LATER. FOR. 1800 - 12cm', 0.387, 1800, 1000, 2, 10, 0, TRUE, 15, '' );
INSERT INTO materiali VALUES ( 173, 'TAVELLONE PER DIVISORI 4cm', 0.364, 1800, 1000, 2, 10, 0, TRUE, 17, '' );
INSERT INTO materiali VALUES ( 174, 'TAVELLONE PER DIVISORI 6cm', 0.462, 1800, 1000, 2, 10, 0, TRUE, 17, '' );
INSERT INTO materiali VALUES ( 175, 'MURATURA IN BLOCCO ARGILLA ESP.', 0.48, 800, 1000, 2, 10, 0, TRUE, 15, '' );
INSERT INTO materiali VALUES ( 176, 'BLOCCO DA SOLAIO 18cm', 0.6, 1800, 1000, 2, 14, 0, TRUE, 24, '' );
INSERT INTO materiali VALUES ( 177, 'SOLAIO PREDALLES 24cm', 0.8, 1800, 1000, 2, 14, 0, TRUE, 24, '' );
INSERT INTO materiali VALUES ( 178, 'SOLAIO CON POLISTIRENE 24cm', 0.462, 1200, 1000, 2, 14, 0, TRUE, 25, '' );
INSERT INTO materiali VALUES ( 179, 'CALCESTRUZZO DI ARGILLA ESPANSA', 0.168, 500, 921, 1, 1, 0, TRUE, 2, '' );
INSERT INTO materiali VALUES ( 180, 'CARTONGESSO IN LASTRE', 0.21, 900, 837, 1, 12, 0, TRUE, 5, '' );
INSERT INTO materiali VALUES ( 181, 'ABETE (FLUSO PERPENDICOLARE ALLE FIBRE)', 0.12, 450, 2100, 1, 11, 0, TRUE, 19, '' );
INSERT INTO materiali VALUES ( 182, 'PINO (FLUSO PERPENDICOLARE ALLE FIBRE)', 0.15, 550, 2721, 1, 11, 0, TRUE, 19, '' );
INSERT INTO materiali VALUES ( 183, 'ACERO (FLUSO PERPENDICOLARE ALLE FIBRE)', 0.18, 710, 2386, 1, 11, 0, TRUE, 19, '' );
INSERT INTO materiali VALUES ( 184, 'XPS 35 kg/mc', 0.034, 35, 1256, 1, 9, 0, TRUE, 9, '' );
INSERT INTO materiali VALUES ( 185, 'CALCARE 2100 kg/mc', 1.6, 2100, 837, 1, 13, 0, TRUE, 22, '' );
INSERT INTO materiali VALUES ( 186, 'GRANITO 2500 kg/mc', 3.2, 2500, 837, 1, 13, 0, TRUE, 22, '' );
INSERT INTO materiali VALUES ( 187, 'PORFIDO', 2.9, 2200, 837, 1, 13, 0, TRUE, 22, '' );
INSERT INTO materiali VALUES ( 188, 'TUFO 1500 kg/mc', 0.63, 1500, 1256, 1, 13, 0, TRUE, 22, '' );
INSERT INTO materiali VALUES ( 189, 'TUFO 2300 kg/mc', 1.7, 2300, 1256, 1, 13, 0, TRUE, 22, '' );
INSERT INTO materiali VALUES ( 190, 'VETRO CELLULARE ESPANSO 130 kg/mc', 0.055, 130, 837, 1, 9, 0, TRUE, 13, '' );
INSERT INTO materiali VALUES ( 191, 'MANTO IN POLIOLEFINE', 0.18, 1000, 1500, 4, 4, 1.5, FALSE, 6, '' );
INSERT INTO materiali VALUES ( 192, 'PAVATHERM FORTE', 0.043, 175, 2100, 0, 9, 0, TRUE, 8, '' );
INSERT INTO materiali VALUES ( 193, 'LANA DI LEGNO', 0.09, 400, 1600, 6, 9, 0, TRUE, 8, '' );
INSERT INTO materiali VALUES ( 195, 'POLIURETANO ESPANSO IN LASTRE', 0.032, 25, 1300, 1, 9, 0, TRUE, 9, '' );
INSERT INTO materiali VALUES ( 196, 'SOTTOFONDO CEMENTO MAGRO', 0.7, 1600, 800, 1, 1, 0, TRUE, 2, '' );
INSERT INTO materiali VALUES ( 197, 'C.L.S. CELLULARE ESPANSO', 0.17, 400, 1000, 1, 1, 0, TRUE, 2, '' );
INSERT INTO materiali VALUES ( 198, 'PAVATEX RSP', 0.18, 700, 1000, 0, 0, 0.15, FALSE, 1, '' );
INSERT INTO materiali VALUES ( 199, 'SOLITEX MENTO 1000', 0.18, 275, 1000, 0, 4, 0.4, FALSE, 6, '' );
INSERT INTO materiali VALUES ( 200, 'SOLITEX MENTO 3000', 0.18, 280, 1000, 0, 4, 0.5, FALSE, 6, '' );
INSERT INTO materiali VALUES ( 201, 'SOLITEX MENTO 5000', 0.18, 300, 1000, 0, 4, 0.7, FALSE, 6, '' );
INSERT INTO materiali VALUES ( 202, 'LANA MINERALE 40 kg/mc', 0.035, 40, 1000, 4, 9, 0, TRUE, 10, '' );
INSERT INTO materiali VALUES ( 203, 'LANA MINERALE 70 kg/mc', 0.035, 70, 1000, 4, 9, 0, TRUE, 10, '' );
INSERT INTO materiali VALUES ( 204, 'PAVAFLOC - posa libera', 0.039, 34, 2110, 0, 9, 0, TRUE, 11, '' );
INSERT INTO materiali VALUES ( 205, 'PAVAFLOC - posa a riempimento', 0.039, 55, 2110, 0, 9, 0, TRUE, 11, '' );
INSERT INTO materiali VALUES ( 206, 'CALCESTRUZZO CELLULARE AUTOCLAVATO', 0.1, 450, 1050, 4, 10, 0, TRUE, 14, '' );
INSERT INTO materiali VALUES ( 207, 'GHIAIA GROSSA', 1.2, 1700, 840, 1, 13, 0, TRUE, 23, '' );
INSERT INTO materiali VALUES ( 208, 'GHIAIA FINE', 2, 1950, 1050, 3, 13, 0, TRUE, 23, '' );
INSERT INTO materiali VALUES ( 209, 'INTERPARETE', 0.052, 110, 900, 0, 9, 0, TRUE, 8, '' );
INSERT INTO materiali VALUES ( 210, 'Intercapedine sp. 5 mm F. Ascendente', 0.05, 1, 1008, 8, 5, 5, FALSE, 7, '' );
INSERT INTO materiali VALUES ( 211, 'Intercapedine sp. 5 mm F. Orizzontale', 0.05, 1, 1008, 8, 5, 5, FALSE, 7, '' );
INSERT INTO materiali VALUES ( 212, 'Intercapedine sp. 5 mm F. Discendente', 0.05, 1, 1008, 8, 5, 5, FALSE, 7, '' );
INSERT INTO materiali VALUES ( 213, 'SWISSTHERM', 0.04, 150, 2400, 0, 9, 0, TRUE, 8, '' );
INSERT INTO materiali VALUES ( 214, 'PAVATHERM con interposti listoni (6%)', 0.04, 130, 2136, 0, 9, 0, TRUE, 32, '' );
INSERT INTO materiali VALUES ( 215, 'PAVATHERM con interposti listoni (10%)', 0.05, 144, 2160, 0, 9, 0, TRUE, 32, '' );
INSERT INTO materiali VALUES ( 216, 'SWISSTHERM con interposti listoni (6%)', 0.04, 168, 2418, 0, 9, 0, TRUE, 32, '' );
INSERT INTO materiali VALUES ( 217, 'SWISSTHERM con interposti listoni (10%)', 0.05, 180, 2430, 0, 9, 0, TRUE, 32, '' );
INSERT INTO materiali VALUES ( 218, 'PAVAFLEX con interposti listoni (10%)', 0.05, 95, 2160, 0, 9, 0, TRUE, 32, '' );
INSERT INTO materiali VALUES ( 219, 'PAVATHERM COMBI', 0.04, 140, 2100, 0, 9, 0, TRUE, 8, '' );
INSERT INTO materiali VALUES ( 220, 'TEGOLE', 1.00, 2000, 800, 3, 2, 40, FALSE, 31, '' );
INSERT INTO materiali VALUES ( 300, 'INTERCAPEDINE FORTEMENTE VENTILATA', 0, 0, 0, 99, 7, 0, FALSE, 7, '' );






CREATE TABLE stratigrafie (
  id SMALLINT NOT NULL,
  descrizione VARCHAR(80) NOT NULL,
  id_struttura SMALLINT,

  PRIMARY KEY (id),
  UNIQUE INDEX (id_struttura, descrizione),
  INDEX struttura_ind (id_struttura),

  FOREIGN KEY (id_struttura) 
  REFERENCES strutture(id)
  ON DELETE RESTRICT ON UPDATE CASCADE
);

INSERT INTO stratigrafie VALUES (0, 'VALIDAZIONE 1', 2 );
INSERT INTO stratigrafie VALUES (1, 'VALIDAZIONE 2', 2 );
INSERT INTO stratigrafie VALUES (2, 'TETTO TORINO', 0 );
INSERT INTO stratigrafie VALUES (3, 'TETTO TORINO PLUS', 0 );
INSERT INTO stratigrafie VALUES (4, 'TETTO OPEN', 0 );
INSERT INTO stratigrafie VALUES (5, 'TETTO OPEN PLUS', 0 );
INSERT INTO stratigrafie VALUES (6, 'TETTO MASTER', 0 );
INSERT INTO stratigrafie VALUES (7, 'TETTO MASTER PLUS', 0 );
INSERT INTO stratigrafie VALUES (8, 'TETTO VERONA', 0 );
INSERT INTO stratigrafie VALUES (9, 'TETTO VERONA PLUS', 0 );
INSERT INTO stratigrafie VALUES (10, 'TETTO UMBRIA-TOSCANA', 0 );
INSERT INTO stratigrafie VALUES (11, 'TETTO UMBRIA-TOSCANA PLUS', 0 );
INSERT INTO stratigrafie VALUES (12, 'TETTO IL LEGNO CON COPERTURA METALLICA', 0 );
INSERT INTO stratigrafie VALUES (13, 'TETTO IL LEGNO CON COPERTURA METALLICA PLUS', 0 );
INSERT INTO stratigrafie VALUES (14, 'TETTO AOSTA', 0 );
INSERT INTO stratigrafie VALUES (15, 'TETTO AOSTA PLUS', 0 );
INSERT INTO stratigrafie VALUES (16, 'TETTO PASSIVO', 0 );
INSERT INTO stratigrafie VALUES (17, 'TETTO PIANO VENTILATO', 0 );
INSERT INTO stratigrafie VALUES (18, 'TETTO PIANO ALL\'ESTRADOSSO', 0 );
INSERT INTO stratigrafie VALUES (19, 'TETTO PIANO INTERPOSTO', 0 );
INSERT INTO stratigrafie VALUES (20, 'TETTO SANAPLUS 1 (RISANAMENTO)', 0 );
INSERT INTO stratigrafie VALUES (21, 'TETTO SANAPLUS 2 (RISANAMENTO CON ISOLANTE ESISTENTE)', 0 );
INSERT INTO stratigrafie VALUES (22, 'TETTO FERRARA', 0 );
INSERT INTO stratigrafie VALUES (23, 'TETTO FERRARA PLUS', 0 );
INSERT INTO stratigrafie VALUES (24, 'TETTO IN LATERO-CEMENTO CON COPERTURA METALLICA', 0 );
INSERT INTO stratigrafie VALUES (25, 'TETTO IN LATERO-CEMENTO CON COPERTURA METALLICA PLUS', 0 );
INSERT INTO stratigrafie VALUES (26, 'TETTO PIANO IN LATERO-CEMENTO', 0 );
INSERT INTO stratigrafie VALUES (27, 'TETTO RISANAMENTO INTERNO SANAPLUS', 0 );
INSERT INTO stratigrafie VALUES (28, 'CAPPOTTO NATURAWALL', 2 );
INSERT INTO stratigrafie VALUES (29, 'PARETE IN LATERIZIO CON FACCIATA VENTILATA', 2 );
INSERT INTO stratigrafie VALUES (30, 'PARETE PAVADENTRO', 2 );
INSERT INTO stratigrafie VALUES (31, 'RISANAMENTO CON ITERPARETE', 2 );
INSERT INTO stratigrafie VALUES (32, 'PARETE IGROSAN', 2 );
INSERT INTO stratigrafie VALUES (33, 'PARETE CREASAN', 2 );
INSERT INTO stratigrafie VALUES (34, 'PARETE CON INTALAIATURA IN LEGNO', 2 );
INSERT INTO stratigrafie VALUES (35, 'PARETE CON INTELAIATURA IN LEGNO INTONACATA ALL\'ESTERNO', 2 );
INSERT INTO stratigrafie VALUES (36, 'PARETE IN XLAM CON CAPPOTTO NATURAWALL E CONTROPARETE', 2 );
INSERT INTO stratigrafie VALUES (37, 'PARETE IN XLAM CON CAPPOTTO NATURAWALL E CONTROPARETE PROCREA', 2 );
INSERT INTO stratigrafie VALUES (38, 'PARETE IN XLAM CON FACCIATA VENTILATA', 2 );






CREATE TABLE elementi_stratigrafie (
  id_stratigrafia SMALLINT,
  posizione TINYINT UNSIGNED NOT NULL,
  id_materiale SMALLINT,
  spessore FLOAT UNSIGNED NOT NULL,

  PRIMARY KEY (id_stratigrafia, posizione),
  INDEX stratigrafia_ind (id_stratigrafia),
  INDEX materiale_ind (id_materiale),

  FOREIGN KEY (id_stratigrafia) 
  REFERENCES stratigrafie(id)
  ON DELETE RESTRICT ON UPDATE CASCADE,

  FOREIGN KEY (id_materiale) 
  REFERENCES materiali(id)
  ON DELETE RESTRICT ON UPDATE CASCADE
);

INSERT INTO elementi_stratigrafie VALUES ( 0, 0, 2, 200 );
INSERT INTO elementi_stratigrafie VALUES ( 1, 0, 2, 200 );
INSERT INTO elementi_stratigrafie VALUES ( 1, 1, 5, 100 );
INSERT INTO elementi_stratigrafie VALUES ( 1, 2, 8, 5 );
INSERT INTO elementi_stratigrafie VALUES ( 2, 0, 161, 25 );
INSERT INTO elementi_stratigrafie VALUES ( 2, 1, 58, 0.45 );
INSERT INTO elementi_stratigrafie VALUES ( 2, 2, 4, 60 );
INSERT INTO elementi_stratigrafie VALUES ( 2, 3, 4, 60 );
INSERT INTO elementi_stratigrafie VALUES ( 2, 4, 46, 0.4 );
INSERT INTO elementi_stratigrafie VALUES ( 3, 0, 161, 25 );
INSERT INTO elementi_stratigrafie VALUES ( 3, 1, 58, 0.45 );
INSERT INTO elementi_stratigrafie VALUES ( 3, 2, 213, 60 );
INSERT INTO elementi_stratigrafie VALUES ( 3, 3, 213, 60 );
INSERT INTO elementi_stratigrafie VALUES ( 3, 4, 16, 19 );
INSERT INTO elementi_stratigrafie VALUES ( 3, 5, 46, 0.4 );
INSERT INTO elementi_stratigrafie VALUES ( 4, 0, 161, 25 );
INSERT INTO elementi_stratigrafie VALUES ( 4, 1, 58, 0.45 );
INSERT INTO elementi_stratigrafie VALUES ( 4, 2, 4, 60 );
INSERT INTO elementi_stratigrafie VALUES ( 4, 3, 4, 60 );
INSERT INTO elementi_stratigrafie VALUES ( 4, 4, 47, 0.5 );
INSERT INTO elementi_stratigrafie VALUES ( 5, 0, 161, 25 );
INSERT INTO elementi_stratigrafie VALUES ( 5, 1, 58, 0.45 );
INSERT INTO elementi_stratigrafie VALUES ( 5, 2, 213, 60 );
INSERT INTO elementi_stratigrafie VALUES ( 5, 3, 213, 60 );
INSERT INTO elementi_stratigrafie VALUES ( 5, 4, 16, 19 );
INSERT INTO elementi_stratigrafie VALUES ( 5, 5, 47, 0.5 );
INSERT INTO elementi_stratigrafie VALUES ( 6, 0, 161, 25 );
INSERT INTO elementi_stratigrafie VALUES ( 6, 1, 57, 0.45 );
INSERT INTO elementi_stratigrafie VALUES ( 6, 2, 4, 60 );
INSERT INTO elementi_stratigrafie VALUES ( 6, 3, 4, 60 );
INSERT INTO elementi_stratigrafie VALUES ( 6, 4, 49, 0.7 );
INSERT INTO elementi_stratigrafie VALUES ( 7, 0, 161, 25 );
INSERT INTO elementi_stratigrafie VALUES ( 7, 1, 57, 0.45 );
INSERT INTO elementi_stratigrafie VALUES ( 7, 2, 213, 60 );
INSERT INTO elementi_stratigrafie VALUES ( 7, 3, 213, 60 );
INSERT INTO elementi_stratigrafie VALUES ( 7, 4, 16, 19 );
INSERT INTO elementi_stratigrafie VALUES ( 7, 5, 49, 0.7 );
INSERT INTO elementi_stratigrafie VALUES ( 8, 0, 161, 25 );
INSERT INTO elementi_stratigrafie VALUES ( 8, 1, 58, 0.45 );
INSERT INTO elementi_stratigrafie VALUES ( 8, 2, 4, 60 );
INSERT INTO elementi_stratigrafie VALUES ( 8, 3, 4, 60 );
INSERT INTO elementi_stratigrafie VALUES ( 8, 4, 3, 22 );
INSERT INTO elementi_stratigrafie VALUES ( 9, 0, 161, 25 );
INSERT INTO elementi_stratigrafie VALUES ( 9, 1, 58, 0.45 );
INSERT INTO elementi_stratigrafie VALUES ( 9, 2, 213, 60 );
INSERT INTO elementi_stratigrafie VALUES ( 9, 3, 213, 60 );
INSERT INTO elementi_stratigrafie VALUES ( 9, 4, 3, 22 );
INSERT INTO elementi_stratigrafie VALUES ( 10, 0, 162, 30 );
INSERT INTO elementi_stratigrafie VALUES ( 10, 1, 163, 35 );
INSERT INTO elementi_stratigrafie VALUES ( 10, 2, 4, 60 );
INSERT INTO elementi_stratigrafie VALUES ( 10, 3, 4, 60 );
INSERT INTO elementi_stratigrafie VALUES ( 10, 4, 47, 0.5 );
INSERT INTO elementi_stratigrafie VALUES ( 11, 0, 162, 30 );
INSERT INTO elementi_stratigrafie VALUES ( 11, 1, 163, 35 );
INSERT INTO elementi_stratigrafie VALUES ( 11, 2, 213, 60 );
INSERT INTO elementi_stratigrafie VALUES ( 11, 3, 213, 60 );
INSERT INTO elementi_stratigrafie VALUES ( 11, 4, 16, 19 );
INSERT INTO elementi_stratigrafie VALUES ( 11, 5, 47, 0.5 );
INSERT INTO elementi_stratigrafie VALUES ( 12, 0, 161, 25 );
INSERT INTO elementi_stratigrafie VALUES ( 12, 1, 57, 0.45 );
INSERT INTO elementi_stratigrafie VALUES ( 12, 2, 218, 60 );
INSERT INTO elementi_stratigrafie VALUES ( 12, 3, 218, 60 );
INSERT INTO elementi_stratigrafie VALUES ( 12, 4, 16, 19 );
INSERT INTO elementi_stratigrafie VALUES ( 12, 5, 49, 0.7 );
INSERT INTO elementi_stratigrafie VALUES ( 13, 0, 161, 25 );
INSERT INTO elementi_stratigrafie VALUES ( 13, 1, 57, 0.45 );
INSERT INTO elementi_stratigrafie VALUES ( 13, 2, 214, 60 );
INSERT INTO elementi_stratigrafie VALUES ( 13, 3, 214, 60 );
INSERT INTO elementi_stratigrafie VALUES ( 13, 4, 16, 19 );
INSERT INTO elementi_stratigrafie VALUES ( 13, 5, 49, 0.7 );
INSERT INTO elementi_stratigrafie VALUES ( 14, 0, 161, 25 );
INSERT INTO elementi_stratigrafie VALUES ( 14, 1, 58, 0.45 );
INSERT INTO elementi_stratigrafie VALUES ( 14, 2, 215, 60 );
INSERT INTO elementi_stratigrafie VALUES ( 14, 3, 215, 60 );
INSERT INTO elementi_stratigrafie VALUES ( 14, 4, 16, 19 );
INSERT INTO elementi_stratigrafie VALUES ( 14, 5, 47, 0.5 );
INSERT INTO elementi_stratigrafie VALUES ( 15, 0, 161, 25 );
INSERT INTO elementi_stratigrafie VALUES ( 15, 1, 58, 0.45 );
INSERT INTO elementi_stratigrafie VALUES ( 15, 2, 218, 60 );
INSERT INTO elementi_stratigrafie VALUES ( 15, 3, 218, 60 );
INSERT INTO elementi_stratigrafie VALUES ( 15, 4, 16, 19 );
INSERT INTO elementi_stratigrafie VALUES ( 15, 5, 47, 0.5 );
INSERT INTO elementi_stratigrafie VALUES ( 16, 0, 95, 12.5 );
INSERT INTO elementi_stratigrafie VALUES ( 16, 1, 126, 50 );
INSERT INTO elementi_stratigrafie VALUES ( 16, 2, 168, 15 );
INSERT INTO elementi_stratigrafie VALUES ( 16, 3, 205, 220 );
INSERT INTO elementi_stratigrafie VALUES ( 16, 4, 219, 60 );
INSERT INTO elementi_stratigrafie VALUES ( 16, 5, 47, 0.5 );
INSERT INTO elementi_stratigrafie VALUES ( 17, 0, 95, 12.5 );
INSERT INTO elementi_stratigrafie VALUES ( 17, 1, 126, 50 );
INSERT INTO elementi_stratigrafie VALUES ( 17, 2, 19, 0.2 );
INSERT INTO elementi_stratigrafie VALUES ( 17, 3, 218, 160 );
INSERT INTO elementi_stratigrafie VALUES ( 17, 4, 161, 25 );
INSERT INTO elementi_stratigrafie VALUES ( 17, 5, 3, 35 );
INSERT INTO elementi_stratigrafie VALUES ( 17, 6, 49, 0.7 );
INSERT INTO elementi_stratigrafie VALUES ( 18, 0, 161, 25 );
INSERT INTO elementi_stratigrafie VALUES ( 18, 1, 57, 0.45 );
INSERT INTO elementi_stratigrafie VALUES ( 18, 2, 192, 80 );
INSERT INTO elementi_stratigrafie VALUES ( 18, 3, 192, 80 );
INSERT INTO elementi_stratigrafie VALUES ( 18, 4, 191, 1.5 );
INSERT INTO elementi_stratigrafie VALUES ( 18, 5, 159, 80 );
INSERT INTO elementi_stratigrafie VALUES ( 19, 0, 95, 12.5 );
INSERT INTO elementi_stratigrafie VALUES ( 19, 1, 126, 50 );
INSERT INTO elementi_stratigrafie VALUES ( 19, 2, 19, 0.2 );
INSERT INTO elementi_stratigrafie VALUES ( 19, 3, 218, 160 );
INSERT INTO elementi_stratigrafie VALUES ( 19, 4, 161, 25 );
INSERT INTO elementi_stratigrafie VALUES ( 19, 5, 192, 80 );
INSERT INTO elementi_stratigrafie VALUES ( 19, 6, 191, 2 );
INSERT INTO elementi_stratigrafie VALUES ( 19, 7, 156, 90 );
INSERT INTO elementi_stratigrafie VALUES ( 20, 0, 95, 12.5 );
INSERT INTO elementi_stratigrafie VALUES ( 20, 1, 126, 50 );
INSERT INTO elementi_stratigrafie VALUES ( 20, 2, 56, 0.2 );
INSERT INTO elementi_stratigrafie VALUES ( 20, 3, 218, 120 );
INSERT INTO elementi_stratigrafie VALUES ( 20, 4, 161, 25 );
INSERT INTO elementi_stratigrafie VALUES ( 20, 5, 154, 4 );
INSERT INTO elementi_stratigrafie VALUES ( 20, 6, 220, 40 );
INSERT INTO elementi_stratigrafie VALUES ( 21, 0, 95, 12.5 );
INSERT INTO elementi_stratigrafie VALUES ( 21, 1, 126, 50 );
INSERT INTO elementi_stratigrafie VALUES ( 21, 2, 56, 0.2 );
INSERT INTO elementi_stratigrafie VALUES ( 21, 3, 218, 160 );
INSERT INTO elementi_stratigrafie VALUES ( 21, 4, 161, 25 );
INSERT INTO elementi_stratigrafie VALUES ( 21, 5, 191, 1.5 );
INSERT INTO elementi_stratigrafie VALUES ( 21, 6, 184, 40 );
INSERT INTO elementi_stratigrafie VALUES ( 21, 7, 154, 4 );
INSERT INTO elementi_stratigrafie VALUES ( 21, 8, 220, 40 );
INSERT INTO elementi_stratigrafie VALUES ( 22, 0, 149, 15 );
INSERT INTO elementi_stratigrafie VALUES ( 22, 1, 11, 200 );
INSERT INTO elementi_stratigrafie VALUES ( 22, 2, 4, 60 );
INSERT INTO elementi_stratigrafie VALUES ( 22, 3, 4, 60 );
INSERT INTO elementi_stratigrafie VALUES ( 22, 4, 46, 0.4 );
INSERT INTO elementi_stratigrafie VALUES ( 23, 0, 149, 15 );
INSERT INTO elementi_stratigrafie VALUES ( 23, 1, 11, 200 );
INSERT INTO elementi_stratigrafie VALUES ( 23, 2, 213, 60 );
INSERT INTO elementi_stratigrafie VALUES ( 23, 3, 213, 60 );
INSERT INTO elementi_stratigrafie VALUES ( 23, 4, 16, 19 );
INSERT INTO elementi_stratigrafie VALUES ( 23, 5, 46, 0.4 );
INSERT INTO elementi_stratigrafie VALUES ( 24, 0, 149, 15 );
INSERT INTO elementi_stratigrafie VALUES ( 24, 1, 11, 200 );
INSERT INTO elementi_stratigrafie VALUES ( 24, 2, 218, 60 );
INSERT INTO elementi_stratigrafie VALUES ( 24, 3, 218, 60 );
INSERT INTO elementi_stratigrafie VALUES ( 24, 4, 16, 19 );
INSERT INTO elementi_stratigrafie VALUES ( 24, 5, 49, 0.7 );
INSERT INTO elementi_stratigrafie VALUES ( 25, 0, 149, 15 );
INSERT INTO elementi_stratigrafie VALUES ( 25, 1, 11, 200 );
INSERT INTO elementi_stratigrafie VALUES ( 25, 2, 217, 60 );
INSERT INTO elementi_stratigrafie VALUES ( 25, 3, 217, 60 );
INSERT INTO elementi_stratigrafie VALUES ( 25, 4, 16, 19 );
INSERT INTO elementi_stratigrafie VALUES ( 25, 5, 49, 0.7 );
INSERT INTO elementi_stratigrafie VALUES ( 26, 0, 149, 15 );
INSERT INTO elementi_stratigrafie VALUES ( 26, 1, 11, 200 );
INSERT INTO elementi_stratigrafie VALUES ( 26, 2, 192, 180 );
INSERT INTO elementi_stratigrafie VALUES ( 26, 3, 191, 2 );
INSERT INTO elementi_stratigrafie VALUES ( 26, 4, 156, 90 );
INSERT INTO elementi_stratigrafie VALUES ( 27, 0, 95, 12.5 );
INSERT INTO elementi_stratigrafie VALUES ( 27, 1, 126, 50 );
INSERT INTO elementi_stratigrafie VALUES ( 27, 2, 56, 0.2 );
INSERT INTO elementi_stratigrafie VALUES ( 27, 3, 218, 100 );
INSERT INTO elementi_stratigrafie VALUES ( 27, 4, 149, 15 );
INSERT INTO elementi_stratigrafie VALUES ( 27, 5, 11, 200 );
INSERT INTO elementi_stratigrafie VALUES ( 27, 6, 154, 4 );
INSERT INTO elementi_stratigrafie VALUES ( 27, 7, 220, 40 );
INSERT INTO elementi_stratigrafie VALUES ( 28, 0, 149, 15 );
INSERT INTO elementi_stratigrafie VALUES ( 28, 1, 148, 250 );
INSERT INTO elementi_stratigrafie VALUES ( 28, 2, 82, 7 );
INSERT INTO elementi_stratigrafie VALUES ( 28, 3, 28, 100 );
INSERT INTO elementi_stratigrafie VALUES ( 28, 4, 82, 7 );
INSERT INTO elementi_stratigrafie VALUES ( 28, 5, 90, 1.5 );
INSERT INTO elementi_stratigrafie VALUES ( 29, 0, 149, 15 );
INSERT INTO elementi_stratigrafie VALUES ( 29, 1, 148, 250 );
INSERT INTO elementi_stratigrafie VALUES ( 29, 2, 82, 7 );
INSERT INTO elementi_stratigrafie VALUES ( 29, 3, 4, 160 );
INSERT INTO elementi_stratigrafie VALUES ( 29, 4, 50, 0.3 );
INSERT INTO elementi_stratigrafie VALUES ( 30, 0, 75, 3 );
INSERT INTO elementi_stratigrafie VALUES ( 30, 1, 73, 10 );
INSERT INTO elementi_stratigrafie VALUES ( 30, 2, 29, 60 );
INSERT INTO elementi_stratigrafie VALUES ( 30, 3, 73, 20 );
INSERT INTO elementi_stratigrafie VALUES ( 30, 4, 152, 375 );
INSERT INTO elementi_stratigrafie VALUES ( 31, 0, 149, 15 );
INSERT INTO elementi_stratigrafie VALUES ( 31, 1, 170, 200 );
INSERT INTO elementi_stratigrafie VALUES ( 31, 2, 209, 100 );
INSERT INTO elementi_stratigrafie VALUES ( 31, 3, 152, 120 );
INSERT INTO elementi_stratigrafie VALUES ( 32, 0, 95, 12.5 );
INSERT INTO elementi_stratigrafie VALUES ( 32, 1, 126, 50 );
INSERT INTO elementi_stratigrafie VALUES ( 32, 2, 19, 0.2 );
INSERT INTO elementi_stratigrafie VALUES ( 32, 3, 4, 60 );
INSERT INTO elementi_stratigrafie VALUES ( 32, 4, 165, 15 );
INSERT INTO elementi_stratigrafie VALUES ( 32, 5, 170, 250 );
INSERT INTO elementi_stratigrafie VALUES ( 32, 6, 151, 15 );
INSERT INTO elementi_stratigrafie VALUES ( 33, 0, 73, 5 );
INSERT INTO elementi_stratigrafie VALUES ( 33, 1, 79, 25 );
INSERT INTO elementi_stratigrafie VALUES ( 33, 2, 95, 12.5 );
INSERT INTO elementi_stratigrafie VALUES ( 33, 3, 126, 50 );
INSERT INTO elementi_stratigrafie VALUES ( 33, 4, 56, 0.2 );
INSERT INTO elementi_stratigrafie VALUES ( 33, 5, 4, 80 );
INSERT INTO elementi_stratigrafie VALUES ( 33, 6, 73, 20 );
INSERT INTO elementi_stratigrafie VALUES ( 33, 7, 150, 400 );
INSERT INTO elementi_stratigrafie VALUES ( 34, 0, 73, 5 );
INSERT INTO elementi_stratigrafie VALUES ( 34, 1, 79, 25 );
INSERT INTO elementi_stratigrafie VALUES ( 34, 2, 95, 12.5 );
INSERT INTO elementi_stratigrafie VALUES ( 34, 3, 218, 40 );
INSERT INTO elementi_stratigrafie VALUES ( 34, 4, 168, 15 );
INSERT INTO elementi_stratigrafie VALUES ( 34, 5, 218, 160 );
INSERT INTO elementi_stratigrafie VALUES ( 34, 6, 219, 60 );
INSERT INTO elementi_stratigrafie VALUES ( 34, 7, 50, 0.3 );
INSERT INTO elementi_stratigrafie VALUES ( 35, 0, 73, 5 );
INSERT INTO elementi_stratigrafie VALUES ( 35, 1, 79, 25 );
INSERT INTO elementi_stratigrafie VALUES ( 35, 2, 95, 12.5 );
INSERT INTO elementi_stratigrafie VALUES ( 35, 3, 218, 40 );
INSERT INTO elementi_stratigrafie VALUES ( 35, 4, 168, 15 );
INSERT INTO elementi_stratigrafie VALUES ( 35, 5, 218, 160 );
INSERT INTO elementi_stratigrafie VALUES ( 35, 6, 17, 60 );
INSERT INTO elementi_stratigrafie VALUES ( 35, 7, 82, 7 );
INSERT INTO elementi_stratigrafie VALUES ( 35, 8, 90, 1.5 );
INSERT INTO elementi_stratigrafie VALUES ( 36, 0, 95, 12.5 );
INSERT INTO elementi_stratigrafie VALUES ( 36, 1, 218, 40 );
INSERT INTO elementi_stratigrafie VALUES ( 36, 2, 153, 95 );
INSERT INTO elementi_stratigrafie VALUES ( 36, 3, 4, 60 );
INSERT INTO elementi_stratigrafie VALUES ( 36, 4, 28, 60 );
INSERT INTO elementi_stratigrafie VALUES ( 36, 5, 82, 7 );
INSERT INTO elementi_stratigrafie VALUES ( 36, 6, 90, 1.5 );
INSERT INTO elementi_stratigrafie VALUES ( 37, 0, 73, 5 );
INSERT INTO elementi_stratigrafie VALUES ( 37, 1, 80, 35 );
INSERT INTO elementi_stratigrafie VALUES ( 37, 2, 153, 95 );
INSERT INTO elementi_stratigrafie VALUES ( 37, 3, 4, 60 );
INSERT INTO elementi_stratigrafie VALUES ( 37, 4, 28, 60 );
INSERT INTO elementi_stratigrafie VALUES ( 37, 5, 82, 7 );
INSERT INTO elementi_stratigrafie VALUES ( 37, 6, 90, 1.5 );
INSERT INTO elementi_stratigrafie VALUES ( 38, 0, 95, 12.5 );
INSERT INTO elementi_stratigrafie VALUES ( 38, 1, 218, 40 );
INSERT INTO elementi_stratigrafie VALUES ( 38, 2, 153, 95 );
INSERT INTO elementi_stratigrafie VALUES ( 38, 3, 4, 60 );
INSERT INTO elementi_stratigrafie VALUES ( 38, 4, 4, 60 );
INSERT INTO elementi_stratigrafie VALUES ( 38, 5, 50, 0.3 );
